Last updated on 2024-03-12 07:49:50 CET.
Flavor | Version | Tinstall | Tcheck | Ttotal | Status | Flags |
---|---|---|---|---|---|---|
r-devel-linux-x86_64-debian-clang | 1.0 | 28.81 | 30.37 | 59.18 | NOTE | |
r-devel-linux-x86_64-debian-gcc | 1.0 | 26.05 | 24.88 | 50.93 | NOTE | |
r-devel-linux-x86_64-fedora-clang | 1.0 | 93.00 | NOTE | |||
r-devel-linux-x86_64-fedora-gcc | 1.0 | 101.57 | NOTE | |||
r-devel-windows-x86_64 | 1.0 | 27.00 | 66.00 | 93.00 | NOTE | |
r-patched-linux-x86_64 | 1.0 | 28.26 | 29.99 | 58.25 | NOTE | |
r-release-linux-x86_64 | 1.0 | 27.85 | 29.94 | 57.79 | NOTE | |
r-release-macos-arm64 | 1.0 | 30.00 | NOTE | |||
r-release-macos-x86_64 | 1.0 | 54.00 | NOTE | |||
r-release-windows-x86_64 | 1.0 | 35.00 | 69.00 | 104.00 | NOTE | |
r-oldrel-macos-arm64 | 1.0 | 29.00 | OK | |||
r-oldrel-windows-x86_64 | 1.0 | 32.00 | 71.00 | 103.00 | OK |
Version: 1.0
Check: C++ specification
Result: NOTE
Specified C++11: please drop specification unless essential
Flavors: r-devel-linux-x86_64-debian-clang, r-devel-linux-x86_64-debian-gcc, r-devel-linux-x86_64-fedora-clang, r-devel-linux-x86_64-fedora-gcc, r-devel-windows-x86_64, r-patched-linux-x86_64, r-release-linux-x86_64, r-release-macos-arm64, r-release-macos-x86_64, r-release-windows-x86_64