CRAN Package Check Results for Package caRamel

Last updated on 2021-05-12 08:48:41 CEST.

Flavor Version Tinstall Tcheck Ttotal Status Flags
r-devel-linux-x86_64-debian-clang 1.2 4.32 100.82 105.14 NOTE
r-devel-linux-x86_64-debian-gcc 1.2 3.36 72.40 75.76 NOTE
r-devel-linux-x86_64-fedora-clang 1.2 132.36 NOTE
r-devel-linux-x86_64-fedora-gcc 1.2 160.03 NOTE
r-devel-windows-ix86+x86_64 1.2 7.00 121.00 128.00 NOTE
r-devel-windows-x86_64-gcc10-UCRT 1.2 NOTE
r-patched-linux-x86_64 1.2 4.80 95.57 100.37 NOTE
r-patched-solaris-x86 1.2 167.70 NOTE
r-release-linux-x86_64 1.2 4.66 95.59 100.25 OK
r-release-macos-x86_64 1.2 OK
r-release-windows-ix86+x86_64 1.2 6.00 87.00 93.00 OK
r-oldrel-macos-x86_64 1.2 OK
r-oldrel-windows-ix86+x86_64 1.2 6.00 111.00 117.00 OK

Check Details

Version: 1.2
Check: LazyData
Result: NOTE
     'LazyData' is specified without a 'data' directory
Flavors: r-devel-linux-x86_64-debian-clang, r-devel-linux-x86_64-debian-gcc, r-devel-linux-x86_64-fedora-clang, r-devel-linux-x86_64-fedora-gcc, r-devel-windows-ix86+x86_64, r-devel-windows-x86_64-gcc10-UCRT, r-patched-linux-x86_64, r-patched-solaris-x86