CRAN Package Check Results for Package caRecall

Last updated on 2024-05-19 08:53:33 CEST.

Flavor Version Tinstall Tcheck Ttotal Status Flags
r-devel-linux-x86_64-debian-clang 0.1.0 1.91 31.66 33.57 NOTE
r-devel-linux-x86_64-debian-gcc 0.1.0 1.84 23.97 25.81 NOTE
r-devel-linux-x86_64-fedora-clang 0.1.0 48.07 NOTE
r-devel-linux-x86_64-fedora-gcc 0.1.0 58.75 NOTE
r-devel-windows-x86_64 0.1.0 4.00 55.00 59.00 NOTE
r-patched-linux-x86_64 0.1.0 2.73 30.55 33.28 NOTE
r-release-linux-x86_64 0.1.0 2.31 30.21 32.52 NOTE
r-release-macos-arm64 0.1.0 54.00 NOTE
r-release-windows-x86_64 0.1.0 3.00 57.00 60.00 NOTE
r-oldrel-macos-arm64 0.1.0 26.00 NOTE
r-oldrel-macos-x86_64 0.1.0 36.00 NOTE
r-oldrel-windows-x86_64 0.1.0 4.00 51.00 55.00 NOTE

Check Details

Version: 0.1.0
Check: LazyData
Result: NOTE 'LazyData' is specified without a 'data' directory Flavors: r-devel-linux-x86_64-debian-clang, r-devel-linux-x86_64-debian-gcc, r-devel-linux-x86_64-fedora-clang, r-devel-linux-x86_64-fedora-gcc, r-devel-windows-x86_64, r-patched-linux-x86_64, r-release-linux-x86_64, r-release-macos-arm64, r-release-windows-x86_64, r-oldrel-macos-arm64, r-oldrel-macos-x86_64, r-oldrel-windows-x86_64