Last updated on 2024-04-24 07:57:35 CEST.
Flavor | Version | Tinstall | Tcheck | Ttotal | Status | Flags |
---|---|---|---|---|---|---|
r-devel-linux-x86_64-debian-clang | 2.2.2 | 2.00 | 20.29 | 22.29 | NOTE | |
r-devel-linux-x86_64-debian-gcc | 2.2.2 | 1.66 | 16.16 | 17.82 | NOTE | |
r-devel-linux-x86_64-fedora-clang | 2.2.2 | 28.82 | NOTE | |||
r-devel-linux-x86_64-fedora-gcc | 2.2.2 | 27.08 | NOTE | |||
r-prerel-macos-arm64 | 2.2.2 | 13.00 | NOTE | |||
r-prerel-windows-x86_64 | 2.2.2 | 3.00 | 35.00 | 38.00 | NOTE | |
r-patched-linux-x86_64 | 2.2.2 | 1.44 | 20.22 | 21.66 | NOTE | |
r-release-linux-x86_64 | 2.2.2 | 2.01 | 19.95 | 21.96 | NOTE | |
r-release-macos-arm64 | 2.2.2 | 13.00 | NOTE | |||
r-release-macos-x86_64 | 2.2.2 | 18.00 | NOTE | |||
r-release-windows-x86_64 | 2.2.2 | 2.00 | 34.00 | 36.00 | NOTE | |
r-oldrel-macos-arm64 | 2.2.2 | 15.00 | NOTE | |||
r-oldrel-windows-x86_64 | 2.2.2 | 4.00 | 41.00 | 45.00 | NOTE |
Version: 2.2.2
Check: LazyData
Result: NOTE
'LazyData' is specified without a 'data' directory
Flavors: r-devel-linux-x86_64-debian-clang, r-devel-linux-x86_64-debian-gcc, r-devel-linux-x86_64-fedora-clang, r-devel-linux-x86_64-fedora-gcc, r-prerel-macos-arm64, r-prerel-windows-x86_64, r-patched-linux-x86_64, r-release-linux-x86_64, r-release-macos-arm64, r-release-macos-x86_64, r-release-windows-x86_64, r-oldrel-macos-arm64, r-oldrel-windows-x86_64