CRAN Package Check Results for Package calpassapi

Last updated on 2024-06-12 08:55:58 CEST.

Flavor Version Tinstall Tcheck Ttotal Status Flags
r-devel-linux-x86_64-debian-clang 0.0.3 3.96 46.21 50.17 NOTE
r-devel-linux-x86_64-debian-gcc 0.0.3 4.00 35.41 39.41 NOTE
r-devel-linux-x86_64-fedora-clang 0.0.3 66.44 NOTE
r-devel-linux-x86_64-fedora-gcc 0.0.3 73.36 NOTE
r-devel-windows-x86_64 0.0.3 5.00 56.00 61.00 NOTE
r-patched-linux-x86_64 0.0.3 5.51 45.34 50.85 NOTE
r-release-linux-x86_64 0.0.3 4.00 44.07 48.07 NOTE
r-release-macos-arm64 0.0.3 29.00 NOTE
r-release-macos-x86_64 0.0.3 49.00 NOTE
r-release-windows-x86_64 0.0.3 6.00 55.00 61.00 NOTE
r-oldrel-macos-arm64 0.0.3 30.00 NOTE
r-oldrel-macos-x86_64 0.0.3 42.00 NOTE
r-oldrel-windows-x86_64 0.0.3 7.00 61.00 68.00 NOTE

Check Details

Version: 0.0.3
Check: LazyData
Result: NOTE 'LazyData' is specified without a 'data' directory Flavors: r-devel-linux-x86_64-debian-clang, r-devel-linux-x86_64-debian-gcc, r-devel-linux-x86_64-fedora-clang, r-devel-linux-x86_64-fedora-gcc, r-devel-windows-x86_64, r-patched-linux-x86_64, r-release-linux-x86_64, r-release-macos-arm64, r-release-macos-x86_64, r-release-windows-x86_64, r-oldrel-macos-arm64, r-oldrel-macos-x86_64, r-oldrel-windows-x86_64