CRAN Package Check Results for Package camsRad

Last updated on 2025-01-21 07:49:09 CET.

Flavor Version Tinstall Tcheck Ttotal Status Flags
r-devel-linux-x86_64-debian-clang 0.3.0 1.71 21.81 23.52 OK
r-devel-linux-x86_64-debian-gcc 0.3.0 1.40 18.29 19.69 OK
r-devel-linux-x86_64-fedora-clang 0.3.0 39.21 OK
r-devel-linux-x86_64-fedora-gcc 0.3.0 50.38 OK
r-devel-windows-x86_64 0.3.0 3.00 45.00 48.00 OK
r-patched-linux-x86_64 0.3.0 1.62 21.21 22.83 NOTE
r-release-linux-x86_64 0.3.0 1.73 21.16 22.89 NOTE
r-release-macos-arm64 0.3.0 22.00 NOTE
r-release-macos-x86_64 0.3.0 47.00 NOTE
r-release-windows-x86_64 0.3.0 4.00 44.00 48.00 NOTE
r-oldrel-macos-arm64 0.3.0 23.00 NOTE
r-oldrel-macos-x86_64 0.3.0 32.00 NOTE
r-oldrel-windows-x86_64 0.3.0 3.00 45.00 48.00 NOTE

Check Details

Version: 0.3.0
Check: LazyData
Result: NOTE 'LazyData' is specified without a 'data' directory Flavors: r-patched-linux-x86_64, r-release-linux-x86_64, r-release-macos-arm64, r-release-macos-x86_64, r-release-windows-x86_64, r-oldrel-macos-arm64, r-oldrel-macos-x86_64, r-oldrel-windows-x86_64