CRAN Package Check Results for Package camsRad

Last updated on 2024-06-12 08:55:58 CEST.

Flavor Version Tinstall Tcheck Ttotal Status Flags
r-devel-linux-x86_64-debian-clang 0.3.0 2.24 28.16 30.40 NOTE
r-devel-linux-x86_64-debian-gcc 0.3.0 1.65 21.72 23.37 NOTE
r-devel-linux-x86_64-fedora-clang 0.3.0 39.21 NOTE
r-devel-linux-x86_64-fedora-gcc 0.3.0 48.83 NOTE
r-devel-windows-x86_64 0.3.0 3.00 44.00 47.00 NOTE
r-patched-linux-x86_64 0.3.0 2.42 27.41 29.83 NOTE
r-release-linux-x86_64 0.3.0 2.26 27.66 29.92 NOTE
r-release-macos-arm64 0.3.0 22.00 NOTE
r-release-macos-x86_64 0.3.0 47.00 NOTE
r-release-windows-x86_64 0.3.0 3.00 45.00 48.00 NOTE
r-oldrel-macos-arm64 0.3.0 23.00 NOTE
r-oldrel-macos-x86_64 0.3.0 32.00 NOTE
r-oldrel-windows-x86_64 0.3.0 3.00 45.00 48.00 NOTE

Check Details

Version: 0.3.0
Check: LazyData
Result: NOTE 'LazyData' is specified without a 'data' directory Flavors: r-devel-linux-x86_64-debian-clang, r-devel-linux-x86_64-debian-gcc, r-devel-linux-x86_64-fedora-clang, r-devel-linux-x86_64-fedora-gcc, r-devel-windows-x86_64, r-patched-linux-x86_64, r-release-linux-x86_64, r-release-macos-arm64, r-release-macos-x86_64, r-release-windows-x86_64, r-oldrel-macos-arm64, r-oldrel-macos-x86_64, r-oldrel-windows-x86_64