CRAN Package Check Results for Package capitalR

Last updated on 2021-05-09 08:50:12 CEST.

Flavor Version Tinstall Tcheck Ttotal Status Flags
r-devel-linux-x86_64-debian-clang 1.3.0 2.34 23.02 25.36 NOTE
r-devel-linux-x86_64-debian-gcc 1.3.0 1.84 18.39 20.23 NOTE
r-devel-linux-x86_64-fedora-clang 1.3.0 41.17 NOTE
r-devel-linux-x86_64-fedora-gcc 1.3.0 30.95 NOTE
r-devel-windows-ix86+x86_64 1.3.0 5.00 42.00 47.00 NOTE
r-devel-windows-x86_64-gcc10-UCRT 1.3.0 NOTE
r-patched-linux-x86_64 1.3.0 2.58 22.80 25.38 NOTE
r-patched-solaris-x86 1.3.0 46.10 OK
r-release-linux-x86_64 1.3.0 2.48 22.62 25.10 OK
r-release-macos-x86_64 1.3.0 OK
r-release-windows-ix86+x86_64 1.3.0 5.00 30.00 35.00 OK
r-oldrel-macos-x86_64 1.3.0 OK
r-oldrel-windows-ix86+x86_64 1.3.0 4.00 38.00 42.00 OK

Check Details

Version: 1.3.0
Check: LazyData
Result: NOTE
     'LazyData' is specified without a 'data' directory
Flavors: r-devel-linux-x86_64-debian-clang, r-devel-linux-x86_64-debian-gcc, r-devel-linux-x86_64-fedora-clang, r-devel-linux-x86_64-fedora-gcc, r-devel-windows-ix86+x86_64, r-devel-windows-x86_64-gcc10-UCRT, r-patched-linux-x86_64