CRAN Package Check Results for Package cartography

Last updated on 2021-04-17 08:47:26 CEST.

Flavor Version Tinstall Tcheck Ttotal Status Flags
r-devel-linux-x86_64-debian-clang 3.0.0 26.31 194.37 220.68 OK
r-devel-linux-x86_64-debian-gcc 3.0.0 19.65 143.21 162.86 OK
r-devel-linux-x86_64-fedora-clang 3.0.0 277.49 OK
r-devel-linux-x86_64-fedora-gcc 3.0.0 268.84 OK
r-devel-windows-ix86+x86_64 3.0.0 58.00 412.00 470.00 NOTE
r-devel-windows-x86_64-gcc10-UCRT 3.0.0 OK
r-patched-linux-x86_64 3.0.0 21.43 185.95 207.38 OK
r-patched-solaris-x86 3.0.0 321.10 OK
r-release-linux-x86_64 3.0.0 24.99 181.21 206.20 OK
r-release-macos-x86_64 3.0.0 OK
r-release-windows-ix86+x86_64 3.0.0 67.00 422.00 489.00 NOTE
r-oldrel-macos-x86_64 3.0.0 OK
r-oldrel-windows-ix86+x86_64 3.0.0 38.00 413.00 451.00 OK

Check Details

Version: 3.0.0
Check: installed package size
Result: NOTE
     installed size is 5.2Mb
     sub-directories of 1Mb or more:
     data 1.2Mb
     doc 1.1Mb
     libs 2.0Mb
Flavors: r-devel-windows-ix86+x86_64, r-release-windows-ix86+x86_64