CRAN Package Check Results for Package casen

Last updated on 2021-05-06 08:49:15 CEST.

Flavor Version Tinstall Tcheck Ttotal Status Flags
r-devel-linux-x86_64-debian-clang 0.1.4 9.72 117.94 127.66 OK
r-devel-linux-x86_64-debian-gcc 0.1.4 7.96 86.53 94.49 OK
r-devel-linux-x86_64-fedora-clang 0.1.4 159.89 NOTE
r-devel-linux-x86_64-fedora-gcc 0.1.4 148.18 NOTE
r-devel-windows-ix86+x86_64 0.1.4 29.00 147.00 176.00 OK
r-devel-windows-x86_64-gcc10-UCRT 0.1.4 NOTE
r-patched-linux-x86_64 0.1.4 10.77 110.97 121.74 OK
r-patched-solaris-x86 0.1.4 212.00 NOTE
r-release-linux-x86_64 0.1.4 7.88 109.05 116.93 OK
r-release-macos-x86_64 0.1.4 NOTE
r-release-windows-ix86+x86_64 0.1.4 17.00 109.00 126.00 OK
r-oldrel-macos-x86_64 0.1.4 NOTE
r-oldrel-windows-ix86+x86_64 0.1.4 20.00 142.00 162.00 OK

Check Details

Version: 0.1.4
Check: dependencies in R code
Result: NOTE
    Namespaces in Imports field not imported from:
     ‘janitor’ ‘tibble’
     All declared Imports should be used.
Flavors: r-devel-linux-x86_64-fedora-clang, r-devel-linux-x86_64-fedora-gcc, r-devel-windows-x86_64-gcc10-UCRT, r-patched-solaris-x86, r-release-macos-x86_64, r-oldrel-macos-x86_64

Version: 0.1.4
Check: data for non-ASCII characters
Result: NOTE
     Note: found 75 marked UTF-8 strings
Flavors: r-devel-linux-x86_64-fedora-clang, r-devel-linux-x86_64-fedora-gcc, r-devel-windows-x86_64-gcc10-UCRT, r-patched-solaris-x86, r-release-macos-x86_64, r-oldrel-macos-x86_64