Last updated on 2024-04-18 08:54:23 CEST.
Flavor | Version | Tinstall | Tcheck | Ttotal | Status | Flags |
---|---|---|---|---|---|---|
r-devel-linux-x86_64-debian-clang | 0.4.7 | 4.55 | 281.20 | 285.75 | OK | |
r-devel-linux-x86_64-debian-gcc | 0.4.7 | 4.16 | 209.69 | 213.85 | OK | |
r-devel-linux-x86_64-fedora-clang | 0.4.7 | 375.17 | OK | |||
r-devel-linux-x86_64-fedora-gcc | 0.4.7 | 360.17 | OK | |||
r-prerel-macos-arm64 | 0.4.7 | 109.00 | OK | |||
r-prerel-macos-x86_64 | 0.4.7 | 225.00 | OK | |||
r-prerel-windows-x86_64 | 0.4.7 | 6.00 | 225.00 | 231.00 | OK | |
r-patched-linux-x86_64 | 0.4.7 | 4.94 | 272.94 | 277.88 | OK | |
r-release-linux-x86_64 | 0.4.7 | 4.77 | 270.32 | 275.09 | OK | |
r-release-macos-arm64 | 0.4.7 | 116.00 | OK | |||
r-release-macos-x86_64 | 0.4.7 | 346.00 | NOTE | |||
r-release-windows-x86_64 | 0.4.7 | 7.00 | 279.00 | 286.00 | OK | |
r-oldrel-macos-arm64 | 0.4.7 | 114.00 | OK | |||
r-oldrel-windows-x86_64 | 0.4.7 | 8.00 | 282.00 | 290.00 | OK |
Version: 0.4.7
Check: installed package size
Result: NOTE
installed size is 5.5Mb
sub-directories of 1Mb or more:
data 3.1Mb
doc 2.1Mb
Flavor: r-release-macos-x86_64