Last updated on 2024-03-12 07:49:49 CET.
Flavor | Version | Tinstall | Tcheck | Ttotal | Status | Flags |
---|---|---|---|---|---|---|
r-devel-linux-x86_64-debian-clang | 0.1.2 | 2.16 | 31.13 | 33.29 | NOTE | |
r-devel-linux-x86_64-debian-gcc | 0.1.2 | 1.79 | 26.31 | 28.10 | NOTE | |
r-devel-linux-x86_64-fedora-clang | 0.1.2 | 46.39 | NOTE | |||
r-devel-linux-x86_64-fedora-gcc | 0.1.2 | 53.86 | NOTE | |||
r-devel-windows-x86_64 | 0.1.2 | 2.00 | 67.00 | 69.00 | NOTE | |
r-patched-linux-x86_64 | 0.1.2 | 2.09 | 30.90 | 32.99 | OK | |
r-release-linux-x86_64 | 0.1.2 | 2.11 | 31.07 | 33.18 | OK | |
r-release-macos-arm64 | 0.1.2 | 28.00 | OK | |||
r-release-macos-x86_64 | 0.1.2 | 39.00 | OK | |||
r-release-windows-x86_64 | 0.1.2 | 4.00 | 64.00 | 68.00 | OK | |
r-oldrel-macos-arm64 | 0.1.2 | 31.00 | OK | |||
r-oldrel-windows-x86_64 | 0.1.2 | 4.00 | 68.00 | 72.00 | OK |
Version: 0.1.2
Check: package vignettes
Result: NOTE
Package vignette with \VignetteEngine{} not specifying an engine package:
‘causalsens.Rnw’
Engines should be specified as \VignetteEngine{PKG::ENG}.
Flavors: r-devel-linux-x86_64-debian-clang, r-devel-linux-x86_64-debian-gcc, r-devel-linux-x86_64-fedora-clang, r-devel-linux-x86_64-fedora-gcc, r-devel-windows-x86_64