CRAN Package Check Results for Package cbq

Last updated on 2021-07-25 08:50:50 CEST.

Flavor Version Tinstall Tcheck Ttotal Status Flags
r-devel-linux-x86_64-debian-clang 0.2.0.2 1641.26 171.03 1812.29 NOTE
r-devel-linux-x86_64-debian-gcc 0.2.0.2 1439.58 196.34 1635.92 NOTE
r-devel-linux-x86_64-fedora-clang 0.2.0.2 2666.34 NOTE
r-devel-linux-x86_64-fedora-gcc 0.2.0.2 2921.64 NOTE
r-devel-windows-x86_64 0.2.0.2 1332.00 214.00 1546.00 NOTE
r-devel-windows-x86_64-gcc10-UCRT 0.2.0.2 WARN
r-patched-linux-x86_64 0.2.0.2 1509.56 246.69 1756.25 NOTE
r-patched-solaris-x86 0.2.0.2 2361.00 NOTE
r-release-linux-x86_64 0.2.0.2 1477.40 245.34 1722.74 NOTE
r-release-macos-arm64 0.2.0.2 NOTE
r-release-macos-x86_64 0.2.0.2 NOTE
r-release-windows-ix86+x86_64 0.2.0.2 3611.00 386.00 3997.00 NOTE
r-oldrel-macos-x86_64 0.2.0.2 NOTE
r-oldrel-windows-ix86+x86_64 0.2.0.2 3693.00 440.00 4133.00 NOTE

Check Details

Version: 0.2.0.2
Check: LazyData
Result: NOTE
     'LazyData' is specified without a 'data' directory
Flavors: r-devel-linux-x86_64-debian-clang, r-devel-linux-x86_64-debian-gcc, r-devel-linux-x86_64-fedora-clang, r-devel-linux-x86_64-fedora-gcc, r-devel-windows-x86_64, r-devel-windows-x86_64-gcc10-UCRT, r-patched-linux-x86_64, r-patched-solaris-x86, r-release-linux-x86_64, r-release-macos-arm64, r-release-macos-x86_64, r-release-windows-ix86+x86_64

Version: 0.2.0.2
Check: for GNU extensions in Makefiles
Result: NOTE
    GNU make is a SystemRequirements.
Flavors: r-devel-linux-x86_64-debian-clang, r-devel-linux-x86_64-debian-gcc, r-devel-linux-x86_64-fedora-clang, r-devel-linux-x86_64-fedora-gcc, r-devel-windows-x86_64, r-devel-windows-x86_64-gcc10-UCRT, r-patched-linux-x86_64, r-patched-solaris-x86, r-release-linux-x86_64, r-release-macos-arm64, r-release-macos-x86_64, r-release-windows-ix86+x86_64, r-oldrel-macos-x86_64, r-oldrel-windows-ix86+x86_64

Version: 0.2.0.2
Check: installed package size
Result: NOTE
     installed size is 187.8Mb
     sub-directories of 1Mb or more:
     libs 187.3Mb
Flavors: r-devel-linux-x86_64-fedora-clang, r-devel-windows-x86_64, r-patched-solaris-x86, r-release-macos-arm64, r-release-macos-x86_64, r-release-windows-ix86+x86_64, r-oldrel-macos-x86_64, r-oldrel-windows-ix86+x86_64

Version: 0.2.0.2
Check: line endings in C/C++/Fortran sources/headers
Result: NOTE
    Found the following sources/headers with CR or CRLF line endings:
     src/RcppExports.cpp
     src/stanExports_cbqb.h
     src/stanExports_cbqbv.h
     src/stanExports_cbqd.h
     src/stanExports_cbqdv.h
     src/stanExports_cbqfixb.h
     src/stanExports_cbqfixbv.h
     src/stanExports_cbqfixd.h
     src/stanExports_cbqfixdv.h
     src/stanExports_cbqpanelb.h
     src/stanExports_cbqpanelbv.h
     src/stanExports_cbqpaneld.h
     src/stanExports_cbqpaneldv.h
     src/stanExports_cbqrandomb.h
     src/stanExports_cbqrandombv.h
     src/stanExports_cbqrandomd.h
     src/stanExports_cbqrandomdv.h
    Some Unix compilers require LF line endings.
Flavor: r-devel-windows-x86_64-gcc10-UCRT

Version: 0.2.0.2
Check: line endings in Makefiles
Result: WARN
    Found the following Makefile(s) with CR or CRLF line endings:
     src/Makevars
    Some Unix 'make' programs require LF line endings.
Flavor: r-devel-windows-x86_64-gcc10-UCRT