Last updated on 2024-03-12 07:49:49 CET.
Flavor | Version | Tinstall | Tcheck | Ttotal | Status | Flags |
---|---|---|---|---|---|---|
r-devel-linux-x86_64-debian-clang | 2.0.3 | 47.44 | 84.76 | 132.20 | NOTE | |
r-devel-linux-x86_64-debian-gcc | 2.0.3 | 35.66 | 66.41 | 102.07 | NOTE | |
r-devel-linux-x86_64-fedora-clang | 2.0.3 | 182.11 | NOTE | |||
r-devel-linux-x86_64-fedora-gcc | 2.0.3 | 168.35 | NOTE | |||
r-devel-windows-x86_64 | 2.0.3 | 34.00 | 108.00 | 142.00 | NOTE | |
r-patched-linux-x86_64 | 2.0.3 | 39.10 | 83.70 | 122.80 | NOTE | |
r-release-linux-x86_64 | 2.0.3 | 44.28 | 86.14 | 130.42 | NOTE | |
r-release-macos-arm64 | 2.0.3 | 57.00 | NOTE | |||
r-release-macos-x86_64 | 2.0.3 | 89.00 | NOTE | |||
r-release-windows-x86_64 | 2.0.3 | 44.00 | 151.00 | 195.00 | NOTE | |
r-oldrel-macos-arm64 | 2.0.3 | 60.00 | OK | |||
r-oldrel-windows-x86_64 | 2.0.3 | 41.00 | 113.00 | 154.00 | OK |
Version: 2.0.3
Check: C++ specification
Result: NOTE
Specified C++11: please drop specification unless essential
Flavors: r-devel-linux-x86_64-debian-clang, r-devel-linux-x86_64-debian-gcc, r-devel-linux-x86_64-fedora-clang, r-devel-linux-x86_64-fedora-gcc, r-devel-windows-x86_64, r-patched-linux-x86_64, r-release-linux-x86_64, r-release-macos-arm64, r-release-macos-x86_64, r-release-windows-x86_64