CRAN Package Check Results for Package cds

Last updated on 2021-09-21 08:49:33 CEST.

Flavor Version Tinstall Tcheck Ttotal Status Flags
r-devel-linux-x86_64-debian-clang 1.0.3 10.92 88.12 99.04 OK
r-devel-linux-x86_64-debian-gcc 1.0.3 8.55 68.75 77.30 OK
r-devel-linux-x86_64-fedora-clang 1.0.3 129.28 OK
r-devel-linux-x86_64-fedora-gcc 1.0.3 119.86 OK
r-devel-windows-x86_64 1.0.3 10.00 106.00 116.00 OK
r-devel-windows-x86_64-gcc10-UCRT 1.0.3 ERROR
r-patched-linux-x86_64 1.0.3 12.44 86.38 98.82 OK
r-patched-solaris-x86 1.0.3 173.60 OK
r-release-linux-x86_64 1.0.3 9.69 86.09 95.78 OK
r-release-macos-arm64 1.0.3 OK
r-release-macos-x86_64 1.0.3 OK
r-release-windows-ix86+x86_64 1.0.3 23.00 84.00 107.00 OK
r-oldrel-macos-x86_64 1.0.3 OK
r-oldrel-windows-ix86+x86_64 1.0.3 22.00 80.00 102.00 OK

Check Details

Version: 1.0.3
Check: whether package can be installed
Result: WARN
    Found the following significant warnings:
     WARNING: installation-time patches will not be applied, could not get the patches index
Flavor: r-devel-windows-x86_64-gcc10-UCRT

Version: 1.0.3
Check: PDF version of manual
Result: WARN
    LaTeX errors when creating PDF version.
    This typically indicates Rd problems.
Flavor: r-devel-windows-x86_64-gcc10-UCRT

Version: 1.0.3
Check: PDF version of manual without hyperrefs or index
Result: ERROR
    Re-running with no redirection of stdout/stderr.
Flavor: r-devel-windows-x86_64-gcc10-UCRT