CRAN Package Check Results for Package cec2013

Last updated on 2021-06-21 08:49:43 CEST.

Flavor Version Tinstall Tcheck Ttotal Status Flags
r-devel-linux-x86_64-debian-clang 0.1-5 4.62 19.82 24.44 OK
r-devel-linux-x86_64-debian-gcc 0.1-5 3.26 15.88 19.14 OK
r-devel-linux-x86_64-fedora-clang 0.1-5 39.96 NOTE
r-devel-linux-x86_64-fedora-gcc 0.1-5 27.66 NOTE
r-devel-windows-x86_64 0.1-5 8.00 30.00 38.00 NOTE
r-devel-windows-x86_64-gcc10-UCRT 0.1-5 OK
r-patched-linux-x86_64 0.1-5 4.33 19.44 23.77 OK
r-patched-solaris-x86 0.1-5 46.50 NOTE
r-release-linux-x86_64 0.1-5 3.75 19.58 23.33 OK
r-release-macos-arm64 0.1-5 NOTE
r-release-macos-x86_64 0.1-5 NOTE
r-release-windows-ix86+x86_64 0.1-5 10.00 29.00 39.00 NOTE
r-oldrel-macos-x86_64 0.1-5 NOTE
r-oldrel-windows-ix86+x86_64 0.1-5 11.00 27.00 38.00 NOTE

Check Details

Version: 0.1-5
Check: installed package size
Result: NOTE
     installed size is 9.5Mb
     sub-directories of 1Mb or more:
     extdata 9.3Mb
Flavors: r-devel-linux-x86_64-fedora-clang, r-devel-windows-x86_64, r-patched-solaris-x86, r-release-macos-arm64, r-release-macos-x86_64, r-release-windows-ix86+x86_64, r-oldrel-macos-x86_64, r-oldrel-windows-ix86+x86_64

Version: 0.1-5
Check: compiled code
Result: NOTE
    File ‘cec2013/libs/cec2013.so’:
     Found no calls to: ‘R_registerRoutines’, ‘R_useDynamicSymbols’
    
    It is good practice to register native routines and to disable symbol
    search.
    
    See ‘Writing portable packages’ in the ‘Writing R Extensions’ manual.
Flavors: r-devel-linux-x86_64-fedora-clang, r-devel-linux-x86_64-fedora-gcc