Last updated on 2024-03-12 07:49:49 CET.
Flavor | Version | Tinstall | Tcheck | Ttotal | Status | Flags |
---|---|---|---|---|---|---|
r-devel-linux-x86_64-debian-clang | 1.1.0 | 5.49 | 387.15 | 392.64 | NOTE | |
r-devel-linux-x86_64-debian-gcc | 1.1.0 | 4.39 | 282.48 | 286.87 | NOTE | |
r-devel-linux-x86_64-fedora-clang | 1.1.0 | 472.33 | NOTE | |||
r-devel-linux-x86_64-fedora-gcc | 1.1.0 | 484.70 | NOTE | |||
r-devel-windows-x86_64 | 1.1.0 | 7.00 | 288.00 | 295.00 | NOTE | |
r-patched-linux-x86_64 | 1.1.0 | 7.79 | 390.05 | 397.84 | OK | |
r-release-linux-x86_64 | 1.1.0 | 6.06 | 385.78 | 391.84 | OK | |
r-release-macos-arm64 | 1.1.0 | 112.00 | OK | |||
r-release-macos-x86_64 | 1.1.0 | 261.00 | OK | |||
r-release-windows-x86_64 | 1.1.0 | 8.00 | 370.00 | 378.00 | OK | |
r-oldrel-macos-arm64 | 1.1.0 | 115.00 | OK | |||
r-oldrel-windows-x86_64 | 1.1.0 | 8.00 | 358.00 | 366.00 | OK |
Version: 1.1.0
Check: Rd files
Result: NOTE
checkRd: (-1) aggregate.tracks.Rd:32-33: Lost braces in \itemize; meant \describe ?
checkRd: (-1) aggregate.tracks.Rd:34-35: Lost braces in \itemize; meant \describe ?
checkRd: (-1) aggregate.tracks.Rd:42-43: Lost braces in \itemize; meant \describe ?
checkRd: (-1) aggregate.tracks.Rd:44-45: Lost braces in \itemize; meant \describe ?
checkRd: (-1) aggregate.tracks.Rd:46-47: Lost braces in \itemize; meant \describe ?
checkRd: (-1) aggregate.tracks.Rd:48-49: Lost braces in \itemize; meant \describe ?
checkRd: (-1) aggregate.tracks.Rd:50-52: Lost braces in \itemize; meant \describe ?
checkRd: (-1) repairGaps.Rd:15: Lost braces in \itemize; meant \describe ?
checkRd: (-1) repairGaps.Rd:16-19: Lost braces in \itemize; meant \describe ?
checkRd: (-1) repairGaps.Rd:20-23: Lost braces in \itemize; meant \describe ?
Flavors: r-devel-linux-x86_64-debian-clang, r-devel-linux-x86_64-debian-gcc, r-devel-linux-x86_64-fedora-clang, r-devel-linux-x86_64-fedora-gcc, r-devel-windows-x86_64