CRAN Package Check Results for Package centiserve

Last updated on 2024-04-16 08:57:51 CEST.

Flavor Version Tinstall Tcheck Ttotal Status Flags
r-devel-linux-x86_64-debian-clang 1.0.0 8.10 87.24 95.34 NOTE
r-devel-linux-x86_64-debian-gcc 1.0.0 8.10 64.40 72.50 NOTE
r-devel-linux-x86_64-fedora-clang 1.0.0 126.92 NOTE
r-devel-linux-x86_64-fedora-gcc 1.0.0 114.98 NOTE
r-prerel-macos-arm64 1.0.0 35.00 NOTE
r-prerel-windows-x86_64 1.0.0 9.00 84.00 93.00 NOTE
r-patched-linux-x86_64 1.0.0 9.80 82.03 91.83 NOTE
r-release-linux-x86_64 1.0.0 8.36 84.42 92.78 OK
r-release-macos-arm64 1.0.0 37.00 OK
r-release-macos-x86_64 1.0.0 59.00 NOTE
r-release-windows-x86_64 1.0.0 13.00 98.00 111.00 OK
r-oldrel-macos-arm64 1.0.0 36.00 OK
r-oldrel-windows-x86_64 1.0.0 12.00 98.00 110.00 OK

Check Details

Version: 1.0.0
Check: Rd files
Result: NOTE checkRd: (-1) centroid.Rd:22: Lost braces; missing escapes or markup? 22 | Centroid value C_{cen}(v) for node v defined as: | ^ checkRd: (-1) clusterrank.Rd:23: Lost braces; missing escapes or markup? 23 | where the term f(c_{i}) accounts for the effect of i's local clustering and the term '+1' results from the contribution of \eqn{j}{j} itself. \cr | ^ Flavors: r-devel-linux-x86_64-debian-clang, r-devel-linux-x86_64-debian-gcc, r-devel-linux-x86_64-fedora-clang, r-devel-linux-x86_64-fedora-gcc, r-prerel-macos-arm64, r-prerel-windows-x86_64, r-patched-linux-x86_64

Version: 1.0.0
Check: package dependencies
Result: NOTE Package suggested but not available for checking: ‘linkcomm’ Flavor: r-release-macos-x86_64