Last updated on 2021-04-19 09:50:38 CEST.
Flavor | Version | Tinstall | Tcheck | Ttotal | Status | Flags |
---|---|---|---|---|---|---|
r-devel-linux-x86_64-debian-clang | 2.2.2 | 9.87 | 325.22 | 335.09 | NOTE | |
r-devel-linux-x86_64-debian-gcc | 2.2.2 | 7.45 | 235.19 | 242.64 | NOTE | |
r-devel-linux-x86_64-fedora-clang | 2.2.2 | 380.10 | NOTE | |||
r-devel-linux-x86_64-fedora-gcc | 2.2.2 | 373.30 | NOTE | |||
r-devel-windows-ix86+x86_64 | 2.2.2 | 34.00 | 489.00 | 523.00 | NOTE | |
r-devel-windows-x86_64-gcc10-UCRT | 2.2.2 | NOTE | ||||
r-patched-linux-x86_64 | 2.2.2 | 9.26 | 328.41 | 337.67 | NOTE | |
r-patched-solaris-x86 | 2.2.2 | 514.60 | NOTE | |||
r-release-linux-x86_64 | 2.2.2 | 9.43 | 322.01 | 331.44 | NOTE | |
r-release-macos-x86_64 | 2.2.2 | NOTE | ||||
r-release-windows-ix86+x86_64 | 2.2.2 | 24.00 | 545.00 | 569.00 | NOTE | |
r-oldrel-macos-x86_64 | 2.2.2 | NOTE | ||||
r-oldrel-windows-ix86+x86_64 | 2.2.2 | 14.00 | 630.00 | 644.00 | NOTE |
Version: 2.2.2
Check: DESCRIPTION meta-information
Result: NOTE
BugReports field is not a suitable URL but contains an email address:
use the Contact field instead
Flavors: r-devel-linux-x86_64-debian-clang, r-devel-linux-x86_64-debian-gcc, r-devel-linux-x86_64-fedora-clang, r-devel-linux-x86_64-fedora-gcc, r-devel-windows-ix86+x86_64, r-devel-windows-x86_64-gcc10-UCRT, r-patched-linux-x86_64, r-patched-solaris-x86, r-release-linux-x86_64, r-release-macos-x86_64, r-release-windows-ix86+x86_64, r-oldrel-windows-ix86+x86_64
Version: 2.2.2
Check: compiled code
Result: NOTE
File ‘changepoint/libs/changepoint.so’:
Found no calls to: ‘R_registerRoutines’, ‘R_useDynamicSymbols’
It is good practice to register native routines and to disable symbol
search.
See ‘Writing portable packages’ in the ‘Writing R Extensions’ manual.
Flavors: r-devel-linux-x86_64-fedora-clang, r-devel-linux-x86_64-fedora-gcc
Version: 2.2.2
Check: DESCRIPTION meta-information
Result: NOTE
BugReports field is not a suitable URL but contains an email address
which will be used as from R 3.4.0
Flavor: r-oldrel-macos-x86_64