CRAN Package Check Results for Package changepoint.np

Last updated on 2021-05-09 08:50:12 CEST.

Flavor Version Tinstall Tcheck Ttotal Status Flags
r-devel-linux-x86_64-debian-clang 1.0.3 5.86 40.62 46.48 OK
r-devel-linux-x86_64-debian-gcc 1.0.3 4.65 31.67 36.32 OK
r-devel-linux-x86_64-fedora-clang 1.0.3 66.04 NOTE
r-devel-linux-x86_64-fedora-gcc 1.0.3 55.60 NOTE
r-devel-windows-ix86+x86_64 1.0.3 13.00 70.00 83.00 OK
r-devel-windows-x86_64-gcc10-UCRT 1.0.3 NOTE
r-patched-linux-x86_64 1.0.3 5.38 39.38 44.76 OK
r-patched-solaris-x86 1.0.3 83.30 NOTE
r-release-linux-x86_64 1.0.3 5.53 39.00 44.53 OK
r-release-macos-x86_64 1.0.3 NOTE
r-release-windows-ix86+x86_64 1.0.3 12.00 55.00 67.00 OK
r-oldrel-macos-x86_64 1.0.3 NOTE
r-oldrel-windows-ix86+x86_64 1.0.3 10.00 64.00 74.00 OK

Check Details

Version: 1.0.3
Check: dependencies in R code
Result: NOTE
    Namespace in Imports field not imported from: ‘Rdpack’
     All declared Imports should be used.
Flavors: r-devel-linux-x86_64-fedora-clang, r-devel-linux-x86_64-fedora-gcc, r-devel-windows-x86_64-gcc10-UCRT, r-patched-solaris-x86, r-release-macos-x86_64, r-oldrel-macos-x86_64