CRAN Package Check Results for Package chantrics

Last updated on 2024-04-24 07:57:35 CEST.

Flavor Version Tinstall Tcheck Ttotal Status Flags
r-devel-linux-x86_64-debian-clang 1.0.0 2.25 141.00 143.25 OK
r-devel-linux-x86_64-debian-gcc 1.0.0 2.90 100.98 103.88 OK
r-devel-linux-x86_64-fedora-clang 1.0.0 190.20 NOTE
r-devel-linux-x86_64-fedora-gcc 1.0.0 188.80 NOTE
r-prerel-macos-arm64 1.0.0 53.00 OK
r-prerel-windows-x86_64 1.0.0 4.00 118.00 122.00 OK
r-patched-linux-x86_64 1.0.0 3.19 130.95 134.14 OK
r-release-linux-x86_64 1.0.0 3.23 128.09 131.32 OK
r-release-macos-arm64 1.0.0 57.00 OK
r-release-macos-x86_64 1.0.0 99.00 OK
r-release-windows-x86_64 1.0.0 6.00 148.00 154.00 OK
r-oldrel-macos-arm64 1.0.0 45.00 NOTE
r-oldrel-windows-x86_64 1.0.0 6.00 146.00 152.00 OK

Check Details

Version: 1.0.0
Check: dependencies in R code
Result: NOTE Namespaces in Imports field not imported from: ‘AER’ ‘graphics’ ‘lmtest’ All declared Imports should be used. Flavors: r-devel-linux-x86_64-fedora-clang, r-devel-linux-x86_64-fedora-gcc, r-oldrel-macos-arm64