Last updated on 2025-01-20 08:48:22 CET.
Flavor | Version | Tinstall | Tcheck | Ttotal | Status | Flags |
---|---|---|---|---|---|---|
r-devel-linux-x86_64-debian-clang | 0.1.2 | 4.25 | 102.82 | 107.07 | NOTE | |
r-devel-linux-x86_64-debian-gcc | 0.1.2 | 3.17 | 72.93 | 76.10 | NOTE | |
r-devel-linux-x86_64-fedora-clang | 0.1.2 | 172.49 | OK | |||
r-devel-linux-x86_64-fedora-gcc | 0.1.2 | 176.09 | OK | |||
r-devel-windows-x86_64 | 0.1.2 | 5.00 | 112.00 | 117.00 | NOTE | |
r-patched-linux-x86_64 | 0.1.2 | 9.10 | 96.45 | 105.55 | OK | |
r-release-linux-x86_64 | 0.1.2 | 4.42 | 95.75 | 100.17 | OK | |
r-release-macos-arm64 | 0.1.2 | 56.00 | OK | |||
r-release-macos-x86_64 | 0.1.2 | 91.00 | OK | |||
r-release-windows-x86_64 | 0.1.2 | 7.00 | 113.00 | 120.00 | OK | |
r-oldrel-macos-arm64 | 0.1.2 | 67.00 | OK | |||
r-oldrel-macos-x86_64 | 0.1.2 | 95.00 | OK | |||
r-oldrel-windows-x86_64 | 0.1.2 | 8.00 | 132.00 | 140.00 | OK |
Version: 0.1.2
Check: Rd cross-references
Result: NOTE
Found the following Rd file(s) with Rd \link{} targets missing package
anchors:
pipe.Rd: magrittr
Please provide package anchors for all Rd \link{} targets not in the
package itself and the base packages.
Flavors: r-devel-linux-x86_64-debian-clang, r-devel-linux-x86_64-debian-gcc, r-devel-windows-x86_64