Last updated on 2024-08-31 08:48:08 CEST.
Flavor | Version | Tinstall | Tcheck | Ttotal | Status | Flags |
---|---|---|---|---|---|---|
r-devel-linux-x86_64-debian-clang | 0.1.2 | 4.59 | 104.72 | 109.31 | NOTE | |
r-devel-linux-x86_64-debian-gcc | 0.1.2 | 3.10 | 72.03 | 75.13 | NOTE | |
r-devel-linux-x86_64-fedora-clang | 0.1.2 | 171.48 | OK | |||
r-devel-linux-x86_64-fedora-gcc | 0.1.2 | 171.66 | OK | |||
r-devel-windows-x86_64 | 0.1.2 | 5.00 | 110.00 | 115.00 | NOTE | |
r-patched-linux-x86_64 | 0.1.2 | 9.55 | 98.12 | 107.67 | OK | |
r-release-linux-x86_64 | 0.1.2 | 3.68 | 97.70 | 101.38 | OK | |
r-release-macos-arm64 | 0.1.2 | 56.00 | OK | |||
r-release-macos-x86_64 | 0.1.2 | 91.00 | OK | |||
r-release-windows-x86_64 | 0.1.2 | 8.00 | 119.00 | 127.00 | OK | |
r-oldrel-macos-arm64 | 0.1.2 | 67.00 | OK | |||
r-oldrel-macos-x86_64 | 0.1.2 | 95.00 | OK | |||
r-oldrel-windows-x86_64 | 0.1.2 | 8.00 | 134.00 | 142.00 | OK |
Version: 0.1.2
Check: Rd cross-references
Result: NOTE
Found the following Rd file(s) with Rd \link{} targets missing package
anchors:
pipe.Rd: magrittr
Please provide package anchors for all Rd \link{} targets not in the
package itself and the base packages.
Flavors: r-devel-linux-x86_64-debian-clang, r-devel-linux-x86_64-debian-gcc, r-devel-windows-x86_64