Last updated on 2024-04-30 08:53:04 CEST.
Flavor | Version | Tinstall | Tcheck | Ttotal | Status | Flags |
---|---|---|---|---|---|---|
r-devel-linux-x86_64-debian-clang | 1.0.1 | 7.65 | 88.92 | 96.57 | NOTE | |
r-devel-linux-x86_64-debian-gcc | 1.0.1 | 5.53 | 67.75 | 73.28 | NOTE | |
r-devel-linux-x86_64-fedora-clang | 1.0.1 | 123.98 | NOTE | |||
r-devel-linux-x86_64-fedora-gcc | 1.0.1 | 145.51 | NOTE | |||
r-devel-windows-x86_64 | 1.0.1 | 7.00 | 112.00 | 119.00 | NOTE | |
r-patched-linux-x86_64 | 1.0.1 | 6.52 | 87.30 | 93.82 | NOTE | |
r-release-linux-x86_64 | 1.0.1 | 6.13 | 86.34 | 92.47 | NOTE | |
r-release-macos-arm64 | 1.0.1 | 45.00 | NOTE | |||
r-release-windows-x86_64 | 1.0.1 | 8.00 | 114.00 | 122.00 | NOTE | |
r-oldrel-macos-arm64 | 1.0.1 | 40.00 | NOTE | |||
r-oldrel-macos-x86_64 | 1.0.1 | 61.00 | NOTE | |||
r-oldrel-windows-x86_64 | 1.0.1 | 10.00 | 111.00 | 121.00 | NOTE |
Version: 1.0.1
Check: LazyData
Result: NOTE
'LazyData' is specified without a 'data' directory
Flavors: r-devel-linux-x86_64-debian-clang, r-devel-linux-x86_64-debian-gcc, r-devel-linux-x86_64-fedora-clang, r-devel-linux-x86_64-fedora-gcc, r-devel-windows-x86_64, r-patched-linux-x86_64, r-release-linux-x86_64, r-release-macos-arm64, r-release-windows-x86_64, r-oldrel-macos-arm64, r-oldrel-macos-x86_64, r-oldrel-windows-x86_64