Last updated on 2024-08-31 08:48:08 CEST.
Flavor | Version | Tinstall | Tcheck | Ttotal | Status | Flags |
---|---|---|---|---|---|---|
r-devel-linux-x86_64-debian-clang | 0.8.0 | 6.73 | 45.86 | 52.59 | OK | |
r-devel-linux-x86_64-debian-gcc | 0.8.0 | 4.23 | 32.66 | 36.89 | OK | |
r-devel-linux-x86_64-fedora-clang | 0.8.0 | 84.81 | NOTE | |||
r-devel-linux-x86_64-fedora-gcc | 0.8.0 | 77.21 | NOTE | |||
r-devel-windows-x86_64 | 0.8.0 | 10.00 | 69.00 | 79.00 | OK | |
r-patched-linux-x86_64 | 0.8.0 | 7.57 | 42.82 | 50.39 | OK | |
r-release-linux-x86_64 | 0.8.0 | 6.21 | 42.39 | 48.60 | OK | |
r-release-macos-arm64 | 0.8.0 | 28.00 | OK | |||
r-release-macos-x86_64 | 0.8.0 | 39.00 | OK | |||
r-release-windows-x86_64 | 0.8.0 | 11.00 | 77.00 | 88.00 | OK | |
r-oldrel-macos-arm64 | 0.8.0 | 28.00 | OK | |||
r-oldrel-macos-x86_64 | 0.8.0 | 41.00 | OK | |||
r-oldrel-windows-x86_64 | 0.8.0 | 10.00 | 80.00 | 90.00 | OK |
Version: 0.8.0
Check: dependencies in R code
Result: NOTE
Namespace in Imports field not imported from: ‘gamlss.dist’
All declared Imports should be used.
Flavors: r-devel-linux-x86_64-fedora-clang, r-devel-linux-x86_64-fedora-gcc
Version: 0.8.0
Check: data for non-ASCII characters
Result: NOTE
Note: found 32 marked UTF-8 strings
Flavors: r-devel-linux-x86_64-fedora-clang, r-devel-linux-x86_64-fedora-gcc