CRAN Package Check Results for Package chunkhooks

Last updated on 2024-05-20 08:48:53 CEST.

Flavor Version Tinstall Tcheck Ttotal Status Flags
r-devel-linux-x86_64-debian-clang 0.0.1 2.14 32.81 34.95 NOTE
r-devel-linux-x86_64-debian-gcc 0.0.1 1.71 25.30 27.01 NOTE
r-devel-linux-x86_64-fedora-clang 0.0.1 46.63 NOTE
r-devel-linux-x86_64-fedora-gcc 0.0.1 64.73 NOTE
r-devel-windows-x86_64 0.0.1 3.00 49.00 52.00 NOTE
r-patched-linux-x86_64 0.0.1 1.69 30.75 32.44 NOTE
r-release-linux-x86_64 0.0.1 2.16 31.25 33.41 NOTE
r-release-macos-arm64 0.0.1 27.00 NOTE
r-release-windows-x86_64 0.0.1 3.00 50.00 53.00 NOTE
r-oldrel-macos-arm64 0.0.1 27.00 NOTE
r-oldrel-macos-x86_64 0.0.1 36.00 NOTE
r-oldrel-windows-x86_64 0.0.1 3.00 49.00 52.00 NOTE

Check Details

Version: 0.0.1
Check: LazyData
Result: NOTE 'LazyData' is specified without a 'data' directory Flavors: r-devel-linux-x86_64-debian-clang, r-devel-linux-x86_64-debian-gcc, r-devel-linux-x86_64-fedora-clang, r-devel-linux-x86_64-fedora-gcc, r-devel-windows-x86_64, r-patched-linux-x86_64, r-release-linux-x86_64, r-release-macos-arm64, r-release-windows-x86_64, r-oldrel-macos-arm64, r-oldrel-macos-x86_64, r-oldrel-windows-x86_64