Last updated on 2024-04-20 08:50:47 CEST.
Flavor | Version | Tinstall | Tcheck | Ttotal | Status | Flags |
---|---|---|---|---|---|---|
r-devel-linux-x86_64-debian-clang | 1.4.0 | 17.69 | 129.58 | 147.27 | OK | |
r-devel-linux-x86_64-debian-gcc | 1.4.0 | 11.65 | 95.52 | 107.17 | OK | |
r-devel-linux-x86_64-fedora-clang | 1.4.0 | 192.32 | NOTE | |||
r-devel-linux-x86_64-fedora-gcc | 1.4.0 | 200.39 | NOTE | |||
r-prerel-macos-arm64 | 1.4.0 | 46.00 | OK | |||
r-prerel-windows-x86_64 | 1.4.0 | 15.00 | 105.00 | 120.00 | OK | |
r-patched-linux-x86_64 | 1.4.0 | 16.45 | 121.83 | 138.28 | OK | |
r-release-linux-x86_64 | 1.4.0 | 10.74 | 125.71 | 136.45 | OK | |
r-release-macos-arm64 | 1.4.0 | 59.00 | OK | |||
r-release-macos-x86_64 | 1.4.0 | 93.00 | OK | |||
r-release-windows-x86_64 | 1.4.0 | 20.00 | 127.00 | 147.00 | OK | |
r-oldrel-macos-arm64 | 1.4.0 | 49.00 | NOTE | |||
r-oldrel-windows-x86_64 | 1.4.0 | 20.00 | 130.00 | 150.00 | OK |
Version: 1.4.0
Check: dependencies in R code
Result: NOTE
Namespace in Imports field not imported from: ‘Rcpp’
All declared Imports should be used.
Flavors: r-devel-linux-x86_64-fedora-clang, r-devel-linux-x86_64-fedora-gcc, r-oldrel-macos-arm64