Last updated on 2024-03-12 07:49:50 CET.
Flavor | Version | Tinstall | Tcheck | Ttotal | Status | Flags |
---|---|---|---|---|---|---|
r-devel-linux-x86_64-debian-clang | 0.4.1 | 2.39 | 30.56 | 32.95 | OK | |
r-devel-linux-x86_64-debian-gcc | 0.4.1 | 1.65 | 23.77 | 25.42 | OK | |
r-devel-linux-x86_64-fedora-clang | 0.4.1 | 41.88 | NOTE | |||
r-devel-linux-x86_64-fedora-gcc | 0.4.1 | 39.82 | OK | |||
r-devel-windows-x86_64 | 0.4.1 | 3.00 | 45.00 | 48.00 | OK | |
r-patched-linux-x86_64 | 0.4.1 | 2.65 | 29.98 | 32.63 | OK | |
r-release-linux-x86_64 | 0.4.1 | 2.37 | 30.94 | 33.31 | OK | |
r-release-macos-arm64 | 0.4.1 | 18.00 | OK | |||
r-release-macos-x86_64 | 0.4.1 | 23.00 | OK | |||
r-release-windows-x86_64 | 0.4.1 | 3.00 | 80.00 | 83.00 | OK | |
r-oldrel-macos-arm64 | 0.4.1 | 19.00 | OK | |||
r-oldrel-windows-x86_64 | 0.4.1 | 3.00 | 51.00 | 54.00 | OK |
Version: 0.4.1
Check: Rd cross-references
Result: NOTE
Undeclared package ‘reshape’ in Rd xrefs
Flavor: r-devel-linux-x86_64-fedora-clang