CRAN Package Check Results for Package cleaner

Last updated on 2021-04-10 08:48:12 CEST.

Flavor Version Tinstall Tcheck Ttotal Status Flags
r-devel-linux-x86_64-debian-clang 1.5.1 5.47 42.60 48.07 OK
r-devel-linux-x86_64-debian-gcc 1.5.1 3.78 31.95 35.73 OK
r-devel-linux-x86_64-fedora-clang 1.5.1 64.18 OK
r-devel-linux-x86_64-fedora-gcc 1.5.1 51.63 OK
r-devel-windows-ix86+x86_64 1.5.1 7.00 40.00 47.00 OK
r-devel-windows-x86_64-gcc10-UCRT 1.5.1 OK
r-patched-linux-x86_64 1.5.1 5.04 39.83 44.87 OK
r-patched-solaris-x86 1.5.1 84.70 OK
r-release-linux-x86_64 1.5.1 5.24 39.36 44.60 OK
r-release-macos-x86_64 1.5.1 OK
r-release-windows-ix86+x86_64 1.5.1 8.00 63.00 71.00 WARN
r-oldrel-macos-x86_64 1.5.1 OK
r-oldrel-windows-ix86+x86_64 1.5.1 8.00 66.00 74.00 OK

Check Details

Version: 1.5.1
Check: R files for syntax errors
Result: WARN
    Warnings in file 'R/currency.R':
     unable to translate '<U+20AC>' to native encoding
     unable to translate '<U+00A5>' to native encoding
     unable to translate '<U+00A3>' to native encoding
Flavor: r-release-windows-ix86+x86_64