Last updated on 2024-04-17 08:57:26 CEST.
Flavor | Version | Tinstall | Tcheck | Ttotal | Status | Flags |
---|---|---|---|---|---|---|
r-devel-linux-x86_64-debian-clang | 1.1.2 | 9.02 | 80.84 | 89.86 | NOTE | |
r-devel-linux-x86_64-debian-gcc | 1.1.2 | 7.84 | 58.87 | 66.71 | NOTE | |
r-devel-linux-x86_64-fedora-clang | 1.1.2 | 114.66 | NOTE | |||
r-devel-linux-x86_64-fedora-gcc | 1.1.2 | 125.60 | NOTE | |||
r-prerel-macos-arm64 | 1.1.2 | 37.00 | NOTE | |||
r-prerel-windows-x86_64 | 1.1.2 | 10.00 | 74.00 | 84.00 | NOTE | |
r-patched-linux-x86_64 | 1.1.2 | 9.82 | 76.73 | 86.55 | NOTE | |
r-release-linux-x86_64 | 1.1.2 | 8.43 | 80.36 | 88.79 | NOTE | |
r-release-macos-arm64 | 1.1.2 | 40.00 | NOTE | |||
r-release-macos-x86_64 | 1.1.2 | 59.00 | NOTE | |||
r-release-windows-x86_64 | 1.1.2 | 12.00 | 89.00 | 101.00 | NOTE | |
r-oldrel-macos-arm64 | 1.1.2 | 36.00 | NOTE | |||
r-oldrel-windows-x86_64 | 1.1.2 | 12.00 | 93.00 | 105.00 | NOTE |
Version: 1.1.2
Check: LazyData
Result: NOTE
'LazyData' is specified without a 'data' directory
Flavors: r-devel-linux-x86_64-debian-clang, r-devel-linux-x86_64-debian-gcc, r-devel-linux-x86_64-fedora-clang, r-devel-linux-x86_64-fedora-gcc, r-prerel-macos-arm64, r-prerel-windows-x86_64, r-patched-linux-x86_64, r-release-linux-x86_64, r-release-macos-arm64, r-release-macos-x86_64, r-release-windows-x86_64, r-oldrel-macos-arm64, r-oldrel-windows-x86_64