Last updated on 2024-03-12 07:49:50 CET.
Flavor | Version | Tinstall | Tcheck | Ttotal | Status | Flags |
---|---|---|---|---|---|---|
r-devel-linux-x86_64-debian-clang | 0.5 | 4.25 | 43.53 | 47.78 | OK | |
r-devel-linux-x86_64-debian-gcc | 0.5 | 4.18 | 34.59 | 38.77 | OK | |
r-devel-linux-x86_64-fedora-clang | 0.5 | 62.16 | NOTE | |||
r-devel-linux-x86_64-fedora-gcc | 0.5 | 70.41 | OK | |||
r-devel-windows-x86_64 | 0.5 | 7.00 | 64.00 | 71.00 | NOTE | |
r-patched-linux-x86_64 | 0.5 | 4.15 | 42.72 | 46.87 | OK | |
r-release-linux-x86_64 | 0.5 | 3.58 | 43.09 | 46.67 | OK | |
r-release-macos-arm64 | 0.5 | 37.00 | NOTE | |||
r-release-macos-x86_64 | 0.5 | 42.00 | NOTE | |||
r-release-windows-x86_64 | 0.5 | 8.00 | 62.00 | 70.00 | NOTE | |
r-oldrel-macos-arm64 | 0.5 | 26.00 | NOTE | |||
r-oldrel-windows-x86_64 | 0.5 | 8.00 | 63.00 | 71.00 | NOTE |
Version: 0.5
Check: installed package size
Result: NOTE
installed size is 5.6Mb
sub-directories of 1Mb or more:
data 3.4Mb
doc 1.9Mb
Flavors: r-devel-linux-x86_64-fedora-clang, r-devel-windows-x86_64, r-release-macos-arm64, r-release-macos-x86_64, r-release-windows-x86_64, r-oldrel-macos-arm64, r-oldrel-windows-x86_64