Last updated on 2024-04-26 08:54:51 CEST.
Flavor | Version | Tinstall | Tcheck | Ttotal | Status | Flags |
---|---|---|---|---|---|---|
r-devel-linux-x86_64-debian-clang | 1.5.0 | 15.07 | 205.89 | 220.96 | OK | |
r-devel-linux-x86_64-debian-gcc | 1.5.1 | 11.36 | 147.34 | 158.70 | OK | |
r-devel-linux-x86_64-fedora-clang | 1.5.1 | 256.96 | NOTE | |||
r-devel-linux-x86_64-fedora-gcc | 1.5.1 | 235.00 | OK | |||
r-devel-windows-x86_64 | 1.5.1 | 14.00 | 191.00 | 205.00 | NOTE | |
r-patched-linux-x86_64 | 1.5.0 | 11.56 | 196.56 | 208.12 | ERROR | |
r-release-linux-x86_64 | 1.5.0 | 15.42 | 189.62 | 205.04 | OK | |
r-release-macos-arm64 | 1.5.1 | 93.00 | NOTE | |||
r-release-macos-x86_64 | 1.5.1 | 231.00 | NOTE | |||
r-release-windows-x86_64 | 1.5.0 | 14.00 | 170.00 | 184.00 | NOTE | |
r-oldrel-macos-arm64 | 1.5.1 | 98.00 | NOTE | |||
r-oldrel-macos-x86_64 | 1.5.1 | 226.00 | NOTE | |||
r-oldrel-windows-x86_64 | 1.5.1 | 16.00 | 214.00 | 230.00 | NOTE |
Version: 1.5.1
Check: installed package size
Result: NOTE
installed size is 5.6Mb
sub-directories of 1Mb or more:
doc 4.3Mb
Flavors: r-devel-linux-x86_64-fedora-clang, r-devel-windows-x86_64, r-release-macos-arm64, r-release-macos-x86_64, r-oldrel-macos-arm64, r-oldrel-macos-x86_64, r-oldrel-windows-x86_64
Version: 1.5.0
Check: tests
Result: ERROR
Running ‘testthat.R’ [48s/58s]
Running the tests in ‘tests/testthat.R’ failed.
Complete output:
> library(testthat)
> library(clinDataReview)
>
> test_check("clinDataReview")
adding: report.html (deflated 63%)
adding: report_dependencies180ccd7640176b/ (stored 0%)
adding: report_dependencies180ccd7640176b/file180ccd355e0364.html (deflated 8%)
[ FAIL 1 | WARN 27 | SKIP 29 | PASS 488 ]
══ Skipped tests (29) ══════════════════════════════════════════════════════════
• On CRAN (29): 'test_knitPrint.R:35:2', 'test_knitPrint.R:76:2',
'test_knitPrint.R:129:2', 'test_knitPrint.R:182:2', 'test_knitPrint.R:228:2',
'test_knitPrint.R:290:2', 'test_render_clinDataReviewReport.R:371:2',
'test_render_clinDataReviewReport.R:414:2',
'test_render_clinDataReviewReport.R:452:2',
'test_render_clinDataReviewReport.R:497:2',
'test_render_clinDataReviewReport.R:561:2',
'test_render_clinDataReviewReport.R:633:2',
'test_render_clinDataReviewReport.R:700:2',
'test_render_clinDataReviewReport.R:758:2',
'test_render_clinDataReviewReport.R:816:2',
'test_render_clinDataReviewReport.R:874:2',
'test_render_clinDataReviewReport.R:1048:2',
'test_render_clinDataReviewReport.R:1119:3',
'test_render_clinDataReviewReport.R:1230:2',
'test_render_clinDataReviewReport.R:1371:3',
'test_render_clinDataReviewReport.R:1489:3', 'test_skeleton.R:83:2',
'test_templates.R:53:2', 'test_templates.R:100:3', 'test_templates.R:162:2',
'test_templates.R:208:2', 'test_templates.R:255:2', 'test_templates.R:306:2',
'test_templates.R:355:2'
══ Failed tests ════════════════════════════════════════════════════════════════
── Failure ('test_skeleton.R:10:2'): Example xpt files are correctly extracted to the specified folder ──
`res` has length 11, not length 8.
[ FAIL 1 | WARN 27 | SKIP 29 | PASS 488 ]
Error: Test failures
Execution halted
Flavor: r-patched-linux-x86_64
Version: 1.5.0
Check: installed package size
Result: NOTE
installed size is 5.6Mb
sub-directories of 1Mb or more:
doc 4.3Mb
Flavor: r-release-windows-x86_64