Last updated on 2024-08-31 08:48:08 CEST.
Flavor | Version | Tinstall | Tcheck | Ttotal | Status | Flags |
---|---|---|---|---|---|---|
r-devel-linux-x86_64-debian-clang | 0.2.3 | 124.34 | 452.36 | 576.70 | NOTE | |
r-devel-linux-x86_64-debian-gcc | 0.2.3 | 109.26 | 299.30 | 408.56 | NOTE | |
r-devel-linux-x86_64-fedora-clang | 0.2.3 | 916.61 | NOTE | |||
r-devel-linux-x86_64-fedora-gcc | 0.2.3 | 952.61 | NOTE | |||
r-devel-windows-x86_64 | 0.2.3 | 128.00 | 419.00 | 547.00 | NOTE | |
r-patched-linux-x86_64 | 0.2.3 | 146.53 | 436.50 | 583.03 | NOTE | |
r-release-linux-x86_64 | 0.2.3 | 143.54 | 431.68 | 575.22 | NOTE | |
r-release-macos-arm64 | 0.2.3 | 204.00 | NOTE | |||
r-release-macos-x86_64 | 0.2.3 | 360.00 | NOTE | |||
r-release-windows-x86_64 | 0.2.3 | 140.00 | 443.00 | 583.00 | NOTE | |
r-oldrel-macos-arm64 | 0.2.3 | 249.00 | NOTE | |||
r-oldrel-macos-x86_64 | 0.2.3 | 779.00 | NOTE | |||
r-oldrel-windows-x86_64 | 0.2.3 | 161.00 | 547.00 | 708.00 | NOTE |
Version: 0.2.3
Check: for GNU extensions in Makefiles
Result: NOTE
GNU make is a SystemRequirements.
Flavors: r-devel-linux-x86_64-debian-clang, r-devel-linux-x86_64-debian-gcc, r-devel-linux-x86_64-fedora-clang, r-devel-linux-x86_64-fedora-gcc, r-devel-windows-x86_64, r-patched-linux-x86_64, r-release-linux-x86_64, r-release-macos-arm64, r-release-macos-x86_64, r-release-windows-x86_64, r-oldrel-macos-arm64, r-oldrel-macos-x86_64, r-oldrel-windows-x86_64
Version: 0.2.3
Check: installed package size
Result: NOTE
installed size is 38.5Mb
sub-directories of 1Mb or more:
libs 36.4Mb
Flavors: r-release-macos-arm64, r-release-macos-x86_64, r-oldrel-macos-arm64, r-oldrel-macos-x86_64