CRAN Package Check Results for Package clustAnalytics

Last updated on 2023-01-31 07:54:06 CET.

Flavor Version Tinstall Tcheck Ttotal Status Flags
r-devel-linux-x86_64-debian-clang 0.5.2 86.86 82.08 168.94 OK
r-devel-linux-x86_64-debian-gcc 0.5.2 67.40 60.93 128.33 NOTE
r-devel-linux-x86_64-fedora-clang 0.5.2 246.93 NOTE
r-devel-linux-x86_64-fedora-gcc 0.5.2 234.65 NOTE
r-devel-windows-x86_64 0.5.2 111.00 154.00 265.00 NOTE
r-patched-linux-x86_64 0.5.2 65.90 76.35 142.25 OK
r-release-linux-x86_64 0.5.2 70.37 71.70 142.07 OK
r-release-macos-arm64 0.5.2 58.00 OK
r-release-macos-x86_64 0.5.2 76.00 OK
r-release-windows-x86_64 0.5.2 119.00 152.00 271.00 OK
r-oldrel-macos-arm64 0.5.2 61.00 OK
r-oldrel-macos-x86_64 0.5.2 84.00 OK
r-oldrel-windows-ix86+x86_64 0.5.2 203.00 142.00 345.00 OK

Check Details

Version: 0.5.2
Check: C++ specification
Result: NOTE
     Specified C++11: please update to current default of C++17
Flavors: r-devel-linux-x86_64-debian-gcc, r-devel-linux-x86_64-fedora-clang, r-devel-linux-x86_64-fedora-gcc, r-devel-windows-x86_64