CRAN Package Check Results for Package clv

Last updated on 2021-07-26 09:53:56 CEST.

Flavor Version Tinstall Tcheck Ttotal Status Flags
r-devel-linux-x86_64-debian-clang 0.3-2.2 7.79 36.43 44.22 OK
r-devel-linux-x86_64-debian-gcc 0.3-2.2 4.63 27.18 31.81 OK
r-devel-linux-x86_64-fedora-clang 0.3-2.2 59.65 NOTE
r-devel-linux-x86_64-fedora-gcc 0.3-2.2 49.11 NOTE
r-devel-windows-x86_64 0.3-2.2 9.00 44.00 53.00 OK
r-devel-windows-x86_64-gcc10-UCRT 0.3-2.2 OK
r-patched-linux-x86_64 0.3-2.2 6.38 34.17 40.55 OK
r-patched-solaris-x86 0.3-2.2 72.20 OK
r-release-linux-x86_64 0.3-2.2 5.72 34.63 40.35 OK
r-release-macos-arm64 0.3-2.2 OK
r-release-macos-x86_64 0.3-2.2 OK
r-release-windows-ix86+x86_64 0.3-2.2 19.00 52.00 71.00 OK
r-oldrel-macos-x86_64 0.3-2.2 OK
r-oldrel-windows-ix86+x86_64 0.3-2.2 17.00 64.00 81.00 OK

Check Details

Version: 0.3-2.2
Check: compiled code
Result: NOTE
    File ‘clv/libs/clv.so’:
     Found no calls to: ‘R_registerRoutines’, ‘R_useDynamicSymbols’
    
    It is good practice to register native routines and to disable symbol
    search.
    
    See ‘Writing portable packages’ in the ‘Writing R Extensions’ manual.
Flavors: r-devel-linux-x86_64-fedora-clang, r-devel-linux-x86_64-fedora-gcc