CRAN Package Check Results for Package cmprsk

Last updated on 2021-06-12 09:53:43 CEST.

Flavor Version Tinstall Tcheck Ttotal Status Flags
r-devel-linux-x86_64-debian-clang 2.2-10 10.30 63.21 73.51 OK
r-devel-linux-x86_64-debian-gcc 2.2-10 8.04 50.39 58.43 OK
r-devel-linux-x86_64-fedora-clang 2.2-10 97.60 NOTE
r-devel-linux-x86_64-fedora-gcc 2.2-10 87.99 NOTE
r-devel-windows-x86_64 2.2-10 15.00 60.00 75.00 OK
r-devel-windows-x86_64-gcc10-UCRT 2.2-10 OK
r-patched-linux-x86_64 2.2-10 8.93 62.67 71.60 OK
r-patched-solaris-x86 2.2-10 130.90 OK
r-release-linux-x86_64 2.2-10 7.80 62.41 70.21 OK
r-release-macos-arm64 2.2-10 OK
r-release-macos-x86_64 2.2-10 OK
r-release-windows-ix86+x86_64 2.2-10 20.00 112.00 132.00 OK
r-oldrel-macos-x86_64 2.2-10 OK
r-oldrel-windows-ix86+x86_64 2.2-10 18.00 111.00 129.00 OK

Check Details

Version: 2.2-10
Check: compiled code
Result: NOTE
    File ‘cmprsk/libs/cmprsk.so’:
     Found no calls to: ‘R_registerRoutines’, ‘R_useDynamicSymbols’
    
    It is good practice to register native routines and to disable symbol
    search.
    
    See ‘Writing portable packages’ in the ‘Writing R Extensions’ manual.
Flavors: r-devel-linux-x86_64-fedora-clang, r-devel-linux-x86_64-fedora-gcc