CRAN Package Check Results for Package cmprsk

Last updated on 2024-05-20 08:48:53 CEST.

Flavor Version Tinstall Tcheck Ttotal Status Flags
r-devel-linux-x86_64-debian-clang 2.2-11 8.39 69.94 78.33 NOTE
r-devel-linux-x86_64-debian-gcc 2.2-11 7.96 53.68 61.64 WARN
r-devel-linux-x86_64-fedora-clang 2.2-12 103.95 NOTE
r-devel-linux-x86_64-fedora-gcc 2.2-11 99.82 WARN
r-devel-windows-x86_64 2.2-11 11.00 69.00 80.00 WARN
r-patched-linux-x86_64 2.2-11 9.63 66.91 76.54 WARN
r-release-linux-x86_64 2.2-11 9.60 66.04 75.64 NOTE
r-release-macos-arm64 2.2-12 35.00 OK
r-release-macos-x86_64 2.2-12 94.00 OK
r-release-windows-x86_64 2.2-11 11.00 71.00 82.00 NOTE
r-oldrel-macos-arm64 2.2-12 53.00 OK
r-oldrel-macos-x86_64 2.2-12 132.00 OK
r-oldrel-windows-x86_64 2.2-11 14.00 86.00 100.00 NOTE

Check Details

Version: 2.2-11
Check: Rd files
Result: NOTE checkRd: (-1) plot.predict.crr.Rd:18: Escaped LaTeX specials: \# checkRd: (-1) plot.predict.crr.Rd:22: Escaped LaTeX specials: \# Flavors: r-devel-linux-x86_64-debian-clang, r-devel-linux-x86_64-debian-gcc, r-devel-linux-x86_64-fedora-gcc, r-devel-windows-x86_64, r-patched-linux-x86_64, r-release-linux-x86_64, r-release-windows-x86_64, r-oldrel-windows-x86_64

Version: 2.2-11
Check: whether package can be installed
Result: WARN Found the following significant warnings: Warning: Fortran 2018 deleted feature: DO termination statement which is not END DO or CONTINUE with label 15 at (1) Warning: Fortran 2018 deleted feature: DO termination statement which is not END DO or CONTINUE with label 16 at (1) Warning: Fortran 2018 deleted feature: DO termination statement which is not END DO or CONTINUE with label 12 at (1) Warning: Fortran 2018 deleted feature: DO termination statement which is not END DO or CONTINUE with label 9 at (1) Warning: Fortran 2018 deleted feature: DO termination statement which is not END DO or CONTINUE with label 8 at (1) Warning: Fortran 2018 deleted feature: DO termination statement which is not END DO or CONTINUE with label 56 at (1) Warning: Fortran 2018 deleted feature: DO termination statement which is not END DO or CONTINUE with label 57 at (1) Warning: Fortran 2018 deleted feature: DO termination statement which is not END DO or CONTINUE with label 166 at (1) Warning: Fortran 2018 deleted feature: DO termination statement which is not END DO or CONTINUE with label 69 at (1) Warning: Fortran 2018 deleted feature: DO termination statement which is not END DO or CONTINUE with label 91 at (1) Warning: Fortran 2018 deleted feature: DO termination statement which is not END DO or CONTINUE with label 92 at (1) See ‘/home/hornik/tmp/R.check/r-devel-gcc/Work/PKGS/cmprsk.Rcheck/00install.out’ for details. * used Fortran compiler: ‘GNU Fortran (Debian 13.2.0-24) 13.2.0’ Flavor: r-devel-linux-x86_64-debian-gcc

Version: 2.2-12
Check: compiled code
Result: NOTE File ‘cmprsk/libs/cmprsk.so’: Found no calls to: ‘R_registerRoutines’, ‘R_useDynamicSymbols’ It is good practice to register native routines and to disable symbol search. See ‘Writing portable packages’ in the ‘Writing R Extensions’ manual. Flavor: r-devel-linux-x86_64-fedora-clang

Version: 2.2-11
Check: whether package can be installed
Result: WARN Found the following significant warnings: Warning: Fortran 2018 deleted feature: DO termination statement which is not END DO or CONTINUE with label 15 at (1) Warning: Fortran 2018 deleted feature: DO termination statement which is not END DO or CONTINUE with label 16 at (1) Warning: Fortran 2018 deleted feature: DO termination statement which is not END DO or CONTINUE with label 12 at (1) Warning: Fortran 2018 deleted feature: DO termination statement which is not END DO or CONTINUE with label 9 at (1) Warning: Fortran 2018 deleted feature: DO termination statement which is not END DO or CONTINUE with label 8 at (1) Warning: Fortran 2018 deleted feature: DO termination statement which is not END DO or CONTINUE with label 56 at (1) Warning: Fortran 2018 deleted feature: DO termination statement which is not END DO or CONTINUE with label 57 at (1) Warning: Fortran 2018 deleted feature: DO termination statement which is not END DO or CONTINUE with label 166 at (1) Warning: Fortran 2018 deleted feature: DO termination statement which is not END DO or CONTINUE with label 69 at (1) Warning: Fortran 2018 deleted feature: DO termination statement which is not END DO or CONTINUE with label 91 at (1) Warning: Fortran 2018 deleted feature: DO termination statement which is not END DO or CONTINUE with label 92 at (1) See ‘/data/gannet/ripley/R/packages/tests-devel/cmprsk.Rcheck/00install.out’ for details. * used Fortran compiler: ‘GNU Fortran (GCC) 14.1.0’ Flavor: r-devel-linux-x86_64-fedora-gcc

Version: 2.2-11
Check: compiled code
Result: NOTE File ‘cmprsk/libs/cmprsk.so’: Found no calls to: ‘R_registerRoutines’, ‘R_useDynamicSymbols’ It is good practice to register native routines and to disable symbol search. See ‘Writing portable packages’ in the ‘Writing R Extensions’ manual. Flavor: r-devel-linux-x86_64-fedora-gcc

Version: 2.2-11
Check: whether package can be installed
Result: WARN Found the following significant warnings: Warning: Fortran 2018 deleted feature: DO termination statement which is not END DO or CONTINUE with label 15 at (1) Warning: Fortran 2018 deleted feature: DO termination statement which is not END DO or CONTINUE with label 16 at (1) Warning: Fortran 2018 deleted feature: DO termination statement which is not END DO or CONTINUE with label 12 at (1) Warning: Fortran 2018 deleted feature: DO termination statement which is not END DO or CONTINUE with label 9 at (1) Warning: Fortran 2018 deleted feature: DO termination statement which is not END DO or CONTINUE with label 8 at (1) Warning: Fortran 2018 deleted feature: DO termination statement which is not END DO or CONTINUE with label 56 at (1) Warning: Fortran 2018 deleted feature: DO termination statement which is not END DO or CONTINUE with label 57 at (1) Warning: Fortran 2018 deleted feature: DO termination statement which is not END DO or CONTINUE with label 166 at (1) Warning: Fortran 2018 deleted feature: DO termination statement which is not END DO or CONTINUE with label 69 at (1) Warning: Fortran 2018 deleted feature: DO termination statement which is not END DO or CONTINUE with label 91 at (1) Warning: Fortran 2018 deleted feature: DO termination statement which is not END DO or CONTINUE with label 92 at (1) See 'd:/Rcompile/CRANpkg/local/4.5/cmprsk.Rcheck/00install.out' for details. * used Fortran compiler: 'GNU Fortran (GCC) 13.2.0' Flavor: r-devel-windows-x86_64

Version: 2.2-11
Check: whether package can be installed
Result: WARN Found the following significant warnings: Warning: Fortran 2018 deleted feature: DO termination statement which is not END DO or CONTINUE with label 15 at (1) Warning: Fortran 2018 deleted feature: DO termination statement which is not END DO or CONTINUE with label 16 at (1) Warning: Fortran 2018 deleted feature: DO termination statement which is not END DO or CONTINUE with label 12 at (1) Warning: Fortran 2018 deleted feature: DO termination statement which is not END DO or CONTINUE with label 9 at (1) Warning: Fortran 2018 deleted feature: DO termination statement which is not END DO or CONTINUE with label 8 at (1) Warning: Fortran 2018 deleted feature: DO termination statement which is not END DO or CONTINUE with label 56 at (1) Warning: Fortran 2018 deleted feature: DO termination statement which is not END DO or CONTINUE with label 57 at (1) Warning: Fortran 2018 deleted feature: DO termination statement which is not END DO or CONTINUE with label 166 at (1) Warning: Fortran 2018 deleted feature: DO termination statement which is not END DO or CONTINUE with label 69 at (1) Warning: Fortran 2018 deleted feature: DO termination statement which is not END DO or CONTINUE with label 91 at (1) Warning: Fortran 2018 deleted feature: DO termination statement which is not END DO or CONTINUE with label 92 at (1) See ‘/home/hornik/tmp/R.check/r-patched-gcc/Work/PKGS/cmprsk.Rcheck/00install.out’ for details. * used Fortran compiler: ‘GNU Fortran (Debian 13.2.0-24) 13.2.0’ Flavor: r-patched-linux-x86_64