Last updated on 2024-04-19 08:54:35 CEST.
Flavor | Version | Tinstall | Tcheck | Ttotal | Status | Flags |
---|---|---|---|---|---|---|
r-devel-linux-x86_64-debian-clang | 0.2.1 | 10.35 | 138.73 | 149.08 | OK | |
r-devel-linux-x86_64-debian-gcc | 0.2.1 | OK | ||||
r-devel-linux-x86_64-fedora-clang | 0.2.1 | 193.64 | OK | |||
r-devel-linux-x86_64-fedora-gcc | 0.2.1 | 225.50 | OK | |||
r-prerel-macos-arm64 | 0.2.1 | 62.00 | OK | |||
r-prerel-windows-x86_64 | 0.2.1 | 13.00 | 133.00 | 146.00 | OK | |
r-patched-linux-x86_64 | 0.2.1 | 12.42 | 128.66 | 141.08 | OK | |
r-release-linux-x86_64 | 0.2.1 | 12.70 | 132.69 | 145.39 | OK | |
r-release-macos-arm64 | 0.2.1 | 73.00 | OK | |||
r-release-macos-x86_64 | 0.2.1 | 109.00 | NOTE | |||
r-release-windows-x86_64 | 0.2.1 | 15.00 | 154.00 | 169.00 | OK | |
r-oldrel-macos-arm64 | 0.2.1 | 57.00 | OK | |||
r-oldrel-windows-x86_64 | 0.2.1 | 18.00 | 156.00 | 174.00 | OK |
Version: 0.2.1
Check: re-building of vignette outputs
Result: NOTE
Error(s) in re-building vignettes:
...
--- re-building ‘weight_cause_cox.rnw’ using Sweave
Error: processing vignette 'weight_cause_cox.rnw' failed with diagnostics:
Running 'texi2dvi' on 'weight_cause_cox.tex' failed.
LaTeX errors:
! LaTeX Error: File `pgfplots.sty' not found.
Type X to quit or <RETURN> to proceed,
or enter new name. (Default extension: sty)
! Emergency stop.
<read *>
l.28 \pgfplotsset
{compat=1.10}^^M
! ==> Fatal error occurred, no output PDF file produced!
--- failed re-building ‘weight_cause_cox.rnw’
SUMMARY: processing the following file failed:
‘weight_cause_cox.rnw’
Error: Vignette re-building failed.
Execution halted
Flavor: r-release-macos-x86_64