CRAN Package Check Results for Package cmsafops

Last updated on 2021-06-21 08:49:44 CEST.

Flavor Version Tinstall Tcheck Ttotal Status Flags
r-devel-linux-x86_64-debian-clang 1.1.1 17.94 267.40 285.34 NOTE
r-devel-linux-x86_64-debian-gcc 1.1.1 13.14 200.25 213.39 NOTE
r-devel-linux-x86_64-fedora-clang 1.1.1 334.02 NOTE
r-devel-linux-x86_64-fedora-gcc 1.1.1 345.03 NOTE
r-devel-windows-x86_64 1.1.1 23.00 298.00 321.00 NOTE
r-devel-windows-x86_64-gcc10-UCRT 1.1.1 NOTE
r-patched-linux-x86_64 1.1.1 19.89 251.99 271.88 NOTE
r-patched-solaris-x86 1.1.1 419.40 NOTE
r-release-linux-x86_64 1.1.1 12.51 256.61 269.12 NOTE
r-release-macos-arm64 1.1.1 NOTE
r-release-macos-x86_64 1.1.1 NOTE
r-release-windows-ix86+x86_64 1.1.1 26.00 300.00 326.00 NOTE
r-oldrel-macos-x86_64 1.1.1 OK

Check Details

Version: 1.1.1
Check: LazyData
Result: NOTE
     'LazyData' is specified without a 'data' directory
Flavors: r-devel-linux-x86_64-debian-clang, r-devel-linux-x86_64-debian-gcc, r-devel-linux-x86_64-fedora-clang, r-devel-linux-x86_64-fedora-gcc, r-devel-windows-x86_64, r-devel-windows-x86_64-gcc10-UCRT, r-patched-linux-x86_64, r-patched-solaris-x86, r-release-linux-x86_64, r-release-macos-arm64, r-release-macos-x86_64, r-release-windows-ix86+x86_64

Version: 1.1.1
Check: package dependencies
Result: NOTE
    Packages suggested but not available for checking: 'cmsaf', 'cmsafvis'
Flavors: r-devel-windows-x86_64-gcc10-UCRT, r-release-macos-arm64

Version: 1.1.1
Check: Rd cross-references
Result: NOTE
    Package unavailable to check Rd xrefs: 'cmsaf'
Flavors: r-devel-windows-x86_64-gcc10-UCRT, r-release-macos-arm64