Last updated on 2024-04-20 08:50:47 CEST.
Flavor | Version | Tinstall | Tcheck | Ttotal | Status | Flags |
---|---|---|---|---|---|---|
r-devel-linux-x86_64-debian-clang | 0.7.2 | 188.05 | 130.43 | 318.48 | NOTE | |
r-devel-linux-x86_64-debian-gcc | 0.7.2 | 150.29 | 93.37 | 243.66 | NOTE | |
r-devel-linux-x86_64-fedora-clang | 0.7.2 | 472.21 | NOTE | |||
r-devel-linux-x86_64-fedora-gcc | 0.7.2 | 518.87 | NOTE | |||
r-prerel-macos-arm64 | 0.7.2 | 104.00 | NOTE | |||
r-prerel-macos-x86_64 | 0.7.2 | 206.00 | NOTE | |||
r-prerel-windows-x86_64 | 0.7.2 | 138.00 | 139.00 | 277.00 | NOTE | |
r-patched-linux-x86_64 | 0.7.2 | 185.43 | 123.55 | 308.98 | NOTE | |
r-release-linux-x86_64 | 0.7.2 | 179.53 | 138.41 | 317.94 | NOTE | |
r-release-macos-arm64 | 0.7.2 | 110.00 | NOTE | |||
r-release-macos-x86_64 | 0.7.2 | 200.00 | NOTE | |||
r-release-windows-x86_64 | 0.7.2 | 177.00 | 176.00 | 353.00 | NOTE | |
r-oldrel-macos-arm64 | 0.7.2 | 106.00 | NOTE | |||
r-oldrel-windows-x86_64 | 0.7.2 | 175.00 | 164.00 | 339.00 | NOTE |
Version: 0.7.2
Check: package dependencies
Result: NOTE
Package suggested but not available for checking: ‘PopGenome’
Flavors: r-devel-linux-x86_64-debian-clang, r-devel-linux-x86_64-debian-gcc, r-devel-linux-x86_64-fedora-clang, r-devel-linux-x86_64-fedora-gcc, r-prerel-macos-arm64, r-prerel-macos-x86_64, r-prerel-windows-x86_64, r-patched-linux-x86_64, r-release-linux-x86_64, r-release-macos-arm64, r-release-macos-x86_64, r-release-windows-x86_64, r-oldrel-windows-x86_64
Version: 0.7.2
Check: installed package size
Result: NOTE
installed size is 6.3Mb
sub-directories of 1Mb or more:
R 2.0Mb
libs 3.6Mb
Flavors: r-prerel-macos-arm64, r-prerel-macos-x86_64, r-release-macos-arm64, r-release-macos-x86_64, r-oldrel-macos-arm64