Last updated on 2024-03-12 07:49:50 CET.
Flavor | Version | Tinstall | Tcheck | Ttotal | Status | Flags |
---|---|---|---|---|---|---|
r-devel-linux-x86_64-debian-clang | 1.1.0 | 2.69 | 111.27 | 113.96 | NOTE | |
r-devel-linux-x86_64-debian-gcc | 1.1.0 | 2.78 | 84.65 | 87.43 | NOTE | |
r-devel-linux-x86_64-fedora-clang | 1.1.0 | 144.58 | NOTE | |||
r-devel-linux-x86_64-fedora-gcc | 1.1.0 | 149.04 | NOTE | |||
r-devel-windows-x86_64 | 1.1.0 | 5.00 | 111.00 | 116.00 | NOTE | |
r-patched-linux-x86_64 | 1.1.0 | 2.40 | 109.27 | 111.67 | NOTE | |
r-release-linux-x86_64 | 1.1.0 | 2.16 | 111.58 | 113.74 | NOTE | |
r-release-macos-arm64 | 1.1.0 | 58.00 | NOTE | |||
r-release-macos-x86_64 | 1.1.0 | 94.00 | NOTE | |||
r-release-windows-x86_64 | 1.1.0 | 5.00 | 121.00 | 126.00 | NOTE | |
r-oldrel-macos-arm64 | 1.1.0 | 60.00 | NOTE | |||
r-oldrel-windows-x86_64 | 1.1.0 | 5.00 | 120.00 | 125.00 | NOTE |
Version: 1.1.0
Check: LazyData
Result: NOTE
'LazyData' is specified without a 'data' directory
Flavors: r-devel-linux-x86_64-debian-clang, r-devel-linux-x86_64-debian-gcc, r-devel-linux-x86_64-fedora-clang, r-devel-linux-x86_64-fedora-gcc, r-devel-windows-x86_64, r-patched-linux-x86_64, r-release-linux-x86_64, r-release-macos-arm64, r-release-macos-x86_64, r-release-windows-x86_64, r-oldrel-macos-arm64, r-oldrel-windows-x86_64
Version: 1.1.0
Check: dependencies in R code
Result: NOTE
Namespaces in Imports field not imported from:
‘Matrix’ ‘nnet’
All declared Imports should be used.
Flavors: r-devel-linux-x86_64-fedora-clang, r-devel-linux-x86_64-fedora-gcc, r-oldrel-macos-arm64