Last updated on 2024-04-17 08:57:27 CEST.
Flavor | Version | Tinstall | Tcheck | Ttotal | Status | Flags |
---|---|---|---|---|---|---|
r-devel-linux-x86_64-debian-clang | 1.5-0 | 3.82 | 239.83 | 243.65 | OK | |
r-devel-linux-x86_64-debian-gcc | 1.5-0 | 3.35 | 177.09 | 180.44 | OK | |
r-devel-linux-x86_64-fedora-clang | 1.5-0 | 305.47 | NOTE | |||
r-devel-linux-x86_64-fedora-gcc | 1.5-0 | 336.11 | OK | |||
r-prerel-macos-arm64 | 1.5-0 | 93.00 | NOTE | |||
r-prerel-macos-x86_64 | 1.5-0 | 318.00 | NOTE | |||
r-prerel-windows-x86_64 | 1.5-0 | 6.00 | 303.00 | 309.00 | NOTE | |
r-patched-linux-x86_64 | 1.5-0 | 7.51 | 228.21 | 235.72 | OK | |
r-release-linux-x86_64 | 1.5-0 | 4.49 | 232.38 | 236.87 | OK | |
r-release-macos-arm64 | 1.5-0 | 109.00 | NOTE | |||
r-release-macos-x86_64 | 1.5-0 | 323.00 | NOTE | |||
r-release-windows-x86_64 | 1.5-0 | 7.00 | 313.00 | 320.00 | NOTE | |
r-oldrel-macos-arm64 | 1.5-0 | 99.00 | NOTE | |||
r-oldrel-windows-x86_64 | 1.5-0 | 8.00 | 311.00 | 319.00 | NOTE |
Version: 1.5-0
Check: installed package size
Result: NOTE
installed size is 5.4Mb
sub-directories of 1Mb or more:
doc 2.4Mb
extdata 2.1Mb
Flavors: r-devel-linux-x86_64-fedora-clang, r-prerel-macos-arm64, r-prerel-macos-x86_64, r-prerel-windows-x86_64, r-release-macos-arm64, r-release-macos-x86_64, r-release-windows-x86_64, r-oldrel-macos-arm64, r-oldrel-windows-x86_64