CRAN Package Check Results for Package colorfindr

Last updated on 2024-07-22 08:49:02 CEST.

Flavor Version Tinstall Tcheck Ttotal Status Flags
r-devel-linux-x86_64-debian-clang 0.1.4 8.86 76.96 85.82 NOTE
r-devel-linux-x86_64-debian-gcc 0.1.4 6.60 57.32 63.92 NOTE
r-devel-linux-x86_64-fedora-clang 0.1.4 105.93 NOTE
r-devel-linux-x86_64-fedora-gcc 0.1.4 98.39 NOTE
r-devel-windows-x86_64 0.1.4 9.00 74.00 83.00 NOTE
r-patched-linux-x86_64 0.1.4 11.43 71.36 82.79 NOTE
r-release-linux-x86_64 0.1.4 5.73 73.00 78.73 NOTE
r-release-macos-arm64 0.1.4 33.00 NOTE
r-release-macos-x86_64 0.1.4 53.00 NOTE
r-release-windows-x86_64 0.1.4 10.00 73.00 83.00 NOTE
r-oldrel-macos-arm64 0.1.4 32.00 NOTE
r-oldrel-macos-x86_64 0.1.4 51.00 NOTE
r-oldrel-windows-x86_64 0.1.4 12.00 87.00 99.00 NOTE

Check Details

Version: 0.1.4
Check: LazyData
Result: NOTE 'LazyData' is specified without a 'data' directory Flavors: r-devel-linux-x86_64-debian-clang, r-devel-linux-x86_64-debian-gcc, r-devel-linux-x86_64-fedora-clang, r-devel-linux-x86_64-fedora-gcc, r-devel-windows-x86_64, r-patched-linux-x86_64, r-release-linux-x86_64, r-release-macos-arm64, r-release-macos-x86_64, r-release-windows-x86_64, r-oldrel-macos-arm64, r-oldrel-macos-x86_64, r-oldrel-windows-x86_64

Version: 0.1.4
Check: Rd cross-references
Result: NOTE Found the following Rd file(s) with Rd \link{} targets missing package anchors: plot_colors_3d.Rd: plotly Please provide package anchors for all Rd \link{} targets not in the package itself and the base packages. Flavors: r-devel-linux-x86_64-debian-gcc, r-devel-windows-x86_64