Last updated on 2024-04-18 08:54:24 CEST.
Flavor | Version | Tinstall | Tcheck | Ttotal | Status | Flags |
---|---|---|---|---|---|---|
r-devel-linux-x86_64-debian-clang | 0.0-8 | 2.41 | 21.86 | 24.27 | NOTE | |
r-devel-linux-x86_64-debian-gcc | 0.0-8 | 1.59 | 17.09 | 18.68 | NOTE | |
r-devel-linux-x86_64-fedora-clang | 0.0-8 | 31.43 | NOTE | |||
r-devel-linux-x86_64-fedora-gcc | 0.0-8 | 32.76 | NOTE | |||
r-prerel-macos-arm64 | 0.0-8 | 16.00 | NOTE | |||
r-prerel-windows-x86_64 | 0.0-8 | 3.00 | 37.00 | 40.00 | NOTE | |
r-patched-linux-x86_64 | 0.0-8 | 2.74 | 20.95 | 23.69 | NOTE | |
r-release-linux-x86_64 | 0.0-8 | 2.38 | 21.05 | 23.43 | NOTE | |
r-release-macos-arm64 | 0.0-8 | 16.00 | NOTE | |||
r-release-macos-x86_64 | 0.0-8 | 19.00 | NOTE | |||
r-release-windows-x86_64 | 0.0-8 | 3.00 | 37.00 | 40.00 | NOTE | |
r-oldrel-macos-arm64 | 0.0-8 | 15.00 | NOTE | |||
r-oldrel-windows-x86_64 | 0.0-8 | 5.00 | 42.00 | 47.00 | NOTE |
Version: 0.0-8
Check: DESCRIPTION meta-information
Result: NOTE
Malformed Description field: should contain one or more complete sentences.
Flavors: r-devel-linux-x86_64-debian-clang, r-devel-linux-x86_64-debian-gcc, r-devel-linux-x86_64-fedora-clang, r-devel-linux-x86_64-fedora-gcc, r-prerel-macos-arm64, r-prerel-windows-x86_64, r-patched-linux-x86_64, r-release-linux-x86_64, r-release-macos-arm64, r-release-macos-x86_64, r-release-windows-x86_64, r-oldrel-macos-arm64, r-oldrel-windows-x86_64
Version: 0.0-8
Check: Rd files
Result: NOTE
checkRd: (-1) xsimplex.Rd:6: Lost braces; missing escapes or markup?
6 | Generates all points on a {p,n} simplex lattice (i.e. a p-part
| ^
Flavors: r-devel-linux-x86_64-debian-clang, r-devel-linux-x86_64-debian-gcc, r-devel-linux-x86_64-fedora-clang, r-devel-linux-x86_64-fedora-gcc, r-prerel-macos-arm64, r-prerel-windows-x86_64, r-patched-linux-x86_64