Last updated on 2024-04-26 08:54:52 CEST.
Flavor | Version | Tinstall | Tcheck | Ttotal | Status | Flags |
---|---|---|---|---|---|---|
r-devel-linux-x86_64-debian-clang | 1.8.3 | 18.85 | 200.08 | 218.93 | NOTE | |
r-devel-linux-x86_64-debian-gcc | 1.8.3 | 12.72 | 144.52 | 157.24 | NOTE | |
r-devel-linux-x86_64-fedora-clang | 1.8.3 | 278.45 | NOTE | |||
r-devel-linux-x86_64-fedora-gcc | 1.8.3 | 305.92 | NOTE | |||
r-devel-windows-x86_64 | 1.8.3 | 14.00 | 155.00 | 169.00 | NOTE | |
r-patched-linux-x86_64 | 1.8.3 | 19.23 | 186.41 | 205.64 | NOTE | |
r-release-linux-x86_64 | 1.8.3 | 16.85 | 195.08 | 211.93 | OK | |
r-release-macos-arm64 | 1.8.3 | 79.00 | NOTE | |||
r-release-windows-x86_64 | 1.8.3 | 15.00 | 156.00 | 171.00 | NOTE | |
r-oldrel-macos-arm64 | 1.8.3 | 82.00 | OK | |||
r-oldrel-macos-x86_64 | 1.8.3 | 206.00 | OK | |||
r-oldrel-windows-x86_64 | 1.8.3 | 22.00 | 189.00 | 211.00 | OK |
Version: 1.8.3
Check: Rd files
Result: NOTE
checkRd: (-1) coversim.Rd:103: Lost braces; missing escapes or markup?
103 | \item{xlas}{numeric in {0, 1, 2, 3} specifying the style of axis labels (see \code{las} in \code{\link{par}},
| ^
checkRd: (-1) coversim.Rd:106: Lost braces; missing escapes or markup?
106 | \item{ylas}{numeric in {0, 1, 2, 3} specifying the style of axis labels (see \code{las} in \code{\link{par}},
| ^
checkRd: (-1) crplot.Rd:77: Lost braces; missing escapes or markup?
77 | \item{xlas}{numeric in {0, 1, 2, 3} specifying the style of axis labels (see \code{las} in \code{\link{par}}).}
| ^
checkRd: (-1) crplot.Rd:79: Lost braces; missing escapes or markup?
79 | \item{ylas}{numeric in {0, 1, 2, 3} specifying the style of axis labels (see \code{las} in \code{\link{par}}).}
| ^
Flavors: r-devel-linux-x86_64-debian-clang, r-devel-linux-x86_64-debian-gcc, r-devel-linux-x86_64-fedora-clang, r-devel-linux-x86_64-fedora-gcc, r-devel-windows-x86_64, r-patched-linux-x86_64, r-release-macos-arm64, r-release-windows-x86_64