Last updated on 2023-01-31 07:54:07 CET.
Flavor | Version | Tinstall | Tcheck | Ttotal | Status | Flags |
---|---|---|---|---|---|---|
r-devel-linux-x86_64-debian-clang | 0.1.7 | 236.34 | 91.91 | 328.25 | OK | |
r-devel-linux-x86_64-debian-gcc | 0.1.7 | 191.42 | 67.46 | 258.88 | NOTE | |
r-devel-linux-x86_64-fedora-clang | 0.1.7 | 490.70 | NOTE | |||
r-devel-linux-x86_64-fedora-gcc | 0.1.7 | 473.46 | NOTE | |||
r-devel-windows-x86_64 | 0.1.7 | 186.00 | 133.00 | 319.00 | NOTE | |
r-patched-linux-x86_64 | 0.1.7 | 204.56 | 84.90 | 289.46 | OK | |
r-release-linux-x86_64 | 0.1.7 | 195.07 | 87.18 | 282.25 | OK | |
r-release-macos-arm64 | 0.1.7 | 101.00 | NOTE | |||
r-release-macos-x86_64 | 0.1.7 | 173.00 | NOTE | |||
r-release-windows-x86_64 | 0.1.7 | 179.00 | 149.00 | 328.00 | OK | |
r-oldrel-macos-arm64 | 0.1.7 | 87.00 | NOTE | |||
r-oldrel-macos-x86_64 | 0.1.7 | 122.00 | NOTE | |||
r-oldrel-windows-ix86+x86_64 | 0.1.7 | 564.00 | 149.00 | 713.00 | OK |
Version: 0.1.7
Check: C++ specification
Result: NOTE
Specified C++11: please update to current default of C++17
Flavors: r-devel-linux-x86_64-debian-gcc, r-devel-linux-x86_64-fedora-clang, r-devel-linux-x86_64-fedora-gcc, r-devel-windows-x86_64
Version: 0.1.7
Check: dependencies in R code
Result: NOTE
Namespaces in Imports field not imported from:
‘base’ ‘lwgeom’ ‘s2’
All declared Imports should be used.
Flavors: r-devel-linux-x86_64-fedora-clang, r-devel-linux-x86_64-fedora-gcc, r-release-macos-arm64, r-release-macos-x86_64, r-oldrel-macos-arm64, r-oldrel-macos-x86_64
Version: 0.1.7
Check: installed package size
Result: NOTE
installed size is 11.4Mb
sub-directories of 1Mb or more:
libs 10.9Mb
Flavors: r-release-macos-arm64, r-release-macos-x86_64, r-oldrel-macos-arm64, r-oldrel-macos-x86_64