CRAN Package Check Results for Package conogive

Last updated on 2024-05-22 08:59:24 CEST.

Flavor Version Tinstall Tcheck Ttotal Status Flags
r-devel-linux-x86_64-debian-clang 1.0.0 2.54 32.58 35.12 NOTE
r-devel-linux-x86_64-debian-gcc 1.0.0 1.93 24.29 26.22 NOTE
r-devel-linux-x86_64-fedora-clang 1.0.0 45.82 NOTE
r-devel-linux-x86_64-fedora-gcc 1.0.0 41.31 NOTE
r-devel-windows-x86_64 1.0.0 3.00 47.00 50.00 NOTE
r-patched-linux-x86_64 1.0.0 1.77 30.85 32.62 NOTE
r-release-linux-x86_64 1.0.0 2.59 30.82 33.41 NOTE
r-release-macos-arm64 1.0.0 17.00 NOTE
r-release-windows-x86_64 1.0.0 4.00 46.00 50.00 NOTE
r-oldrel-macos-arm64 1.0.0 19.00 NOTE
r-oldrel-macos-x86_64 1.0.0 23.00 NOTE
r-oldrel-windows-x86_64 1.0.0 4.00 46.00 50.00 NOTE

Check Details

Version: 1.0.0
Check: LazyData
Result: NOTE 'LazyData' is specified without a 'data' directory Flavors: r-devel-linux-x86_64-debian-clang, r-devel-linux-x86_64-debian-gcc, r-devel-linux-x86_64-fedora-clang, r-devel-linux-x86_64-fedora-gcc, r-devel-windows-x86_64, r-patched-linux-x86_64, r-release-linux-x86_64, r-release-macos-arm64, r-release-windows-x86_64, r-oldrel-macos-arm64, r-oldrel-macos-x86_64, r-oldrel-windows-x86_64