CRAN Package Check Results for Package contact

Last updated on 2021-04-10 08:48:12 CEST.

Flavor Version Tinstall Tcheck Ttotal Status Flags
r-devel-linux-x86_64-debian-clang 1.2.5 19.62 193.56 213.18 OK
r-devel-linux-x86_64-debian-gcc 1.2.5 16.61 136.89 153.50 OK
r-devel-linux-x86_64-fedora-clang 1.2.5 249.59 NOTE
r-devel-linux-x86_64-fedora-gcc 1.2.5 241.90 NOTE
r-devel-windows-ix86+x86_64 1.2.5 21.00 168.00 189.00 OK
r-devel-windows-x86_64-gcc10-UCRT 1.2.5 NOTE
r-patched-linux-x86_64 1.2.5 17.37 181.07 198.44 OK
r-patched-solaris-x86 1.2.5 286.60 NOTE
r-release-linux-x86_64 1.2.5 16.94 180.10 197.04 OK
r-release-macos-x86_64 1.2.5 NOTE
r-release-windows-ix86+x86_64 1.2.5 19.00 222.00 241.00 OK
r-oldrel-macos-x86_64 1.2.5 NOTE
r-oldrel-windows-ix86+x86_64 1.2.5 26.00 219.00 245.00 OK

Check Details

Version: 1.2.5
Check: dependencies in R code
Result: NOTE
    Namespace in Imports field not imported from: ‘rgdal’
     All declared Imports should be used.
Flavors: r-devel-linux-x86_64-fedora-clang, r-devel-linux-x86_64-fedora-gcc, r-devel-windows-x86_64-gcc10-UCRT, r-patched-solaris-x86, r-release-macos-x86_64, r-oldrel-macos-x86_64