CRAN Package Check Results for Package control

Last updated on 2024-04-16 08:57:52 CEST.

Flavor Version Tinstall Tcheck Ttotal Status Flags
r-devel-linux-x86_64-debian-clang 0.2.5 6.76 56.78 63.54 NOTE
r-devel-linux-x86_64-debian-gcc 0.2.5 4.50 40.23 44.73 NOTE
r-devel-linux-x86_64-fedora-clang 0.2.5 79.96 NOTE
r-devel-linux-x86_64-fedora-gcc 0.2.5 83.02 NOTE
r-prerel-macos-arm64 0.2.5 24.00 NOTE
r-prerel-windows-x86_64 0.2.5 6.00 76.00 82.00 NOTE
r-patched-linux-x86_64 0.2.5 5.80 52.17 57.97 NOTE
r-release-linux-x86_64 0.2.5 5.65 53.23 58.88 NOTE
r-release-macos-arm64 0.2.5 27.00 NOTE
r-release-macos-x86_64 0.2.5 38.00 NOTE
r-release-windows-x86_64 0.2.5 7.00 79.00 86.00 NOTE
r-oldrel-macos-arm64 0.2.5 26.00 NOTE
r-oldrel-windows-x86_64 0.2.5 7.00 74.00 81.00 NOTE

Check Details

Version: 0.2.5
Check: LazyData
Result: NOTE 'LazyData' is specified without a 'data' directory Flavors: r-devel-linux-x86_64-debian-clang, r-devel-linux-x86_64-debian-gcc, r-devel-linux-x86_64-fedora-clang, r-devel-linux-x86_64-fedora-gcc, r-prerel-macos-arm64, r-prerel-windows-x86_64, r-patched-linux-x86_64, r-release-linux-x86_64, r-release-macos-arm64, r-release-macos-x86_64, r-release-windows-x86_64, r-oldrel-macos-arm64, r-oldrel-windows-x86_64