Last updated on 2024-08-31 08:48:09 CEST.
Flavor | Version | Tinstall | Tcheck | Ttotal | Status | Flags |
---|---|---|---|---|---|---|
r-devel-linux-x86_64-debian-clang | 1.0.0 | 14.82 | 698.10 | 712.92 | NOTE | |
r-devel-linux-x86_64-debian-gcc | 1.0.0 | 9.13 | 478.34 | 487.47 | NOTE | |
r-devel-linux-x86_64-fedora-clang | 1.0.0 | 1116.15 | OK | |||
r-devel-linux-x86_64-fedora-gcc | 1.0.0 | 1272.86 | OK | |||
r-devel-windows-x86_64 | 1.0.0 | 13.00 | 904.00 | 917.00 | NOTE | |
r-patched-linux-x86_64 | 1.0.0 | 15.62 | 683.08 | 698.70 | OK | |
r-release-linux-x86_64 | 1.0.0 | 12.09 | 686.47 | 698.56 | OK | |
r-release-macos-arm64 | 1.0.0 | 370.00 | OK | |||
r-release-macos-x86_64 | 1.0.0 | 633.00 | OK | |||
r-release-windows-x86_64 | 1.0.0 | 16.00 | 905.00 | 921.00 | OK | |
r-oldrel-macos-arm64 | 1.0.0 | 367.00 | OK | |||
r-oldrel-macos-x86_64 | 1.0.0 | 778.00 | OK | |||
r-oldrel-windows-x86_64 | 1.0.0 | 18.00 | 1085.00 | 1103.00 | OK |
Version: 1.0.0
Check: Rd cross-references
Result: NOTE
Found the following Rd file(s) with Rd \link{} targets missing package
anchors:
svylorenz.Rd: oldsvyquantile
Please provide package anchors for all Rd \link{} targets not in the
package itself and the base packages.
Flavors: r-devel-linux-x86_64-debian-clang, r-devel-linux-x86_64-debian-gcc, r-devel-windows-x86_64