CRAN Package Check Results for Package copulaedas

Last updated on 2021-07-25 08:50:52 CEST.

Flavor Version Tinstall Tcheck Ttotal Status Flags
r-devel-linux-x86_64-debian-clang 1.4.3 12.71 99.29 112.00 NOTE
r-devel-linux-x86_64-debian-gcc 1.4.3 9.97 75.69 85.66 NOTE
r-devel-linux-x86_64-fedora-clang 1.4.3 143.25 NOTE
r-devel-linux-x86_64-fedora-gcc 1.4.3 133.18 NOTE
r-devel-windows-x86_64 1.4.3 16.00 92.00 108.00 OK
r-devel-windows-x86_64-gcc10-UCRT 1.4.3 NOTE
r-patched-linux-x86_64 1.4.3 16.13 95.13 111.26 NOTE
r-patched-solaris-x86 1.4.3 187.00 NOTE
r-release-linux-x86_64 1.4.3 11.16 95.33 106.49 NOTE
r-release-macos-arm64 1.4.3 NOTE
r-release-macos-x86_64 1.4.3 NOTE
r-release-windows-ix86+x86_64 1.4.3 26.00 109.00 135.00 OK
r-oldrel-macos-x86_64 1.4.3 NOTE
r-oldrel-windows-ix86+x86_64 1.4.3 27.00 122.00 149.00 OK

Check Details

Version: 1.4.3
Check: package dependencies
Result: NOTE
    Package suggested but not available for checking: 'cec2005benchmark'
Flavors: r-devel-linux-x86_64-debian-clang, r-devel-linux-x86_64-debian-gcc, r-devel-linux-x86_64-fedora-clang, r-devel-linux-x86_64-fedora-gcc, r-devel-windows-x86_64-gcc10-UCRT, r-patched-linux-x86_64, r-patched-solaris-x86, r-release-linux-x86_64, r-release-macos-arm64, r-release-macos-x86_64, r-oldrel-macos-x86_64