Last updated on 2024-03-12 07:49:50 CET.
Flavor | Version | Tinstall | Tcheck | Ttotal | Status | Flags |
---|---|---|---|---|---|---|
r-devel-linux-x86_64-debian-clang | 0.1.1 | 49.31 | 26.47 | 75.78 | OK | |
r-devel-linux-x86_64-debian-gcc | 0.1.1 | 33.94 | 21.41 | 55.35 | OK | |
r-devel-linux-x86_64-fedora-clang | 0.1.1 | 106.98 | NOTE | |||
r-devel-linux-x86_64-fedora-gcc | 0.1.1 | 101.46 | NOTE | |||
r-devel-windows-x86_64 | 0.1.1 | 36.00 | 62.00 | 98.00 | OK | |
r-patched-linux-x86_64 | 0.1.1 | 39.95 | 26.77 | 66.72 | OK | |
r-release-linux-x86_64 | 0.1.1 | 39.83 | 26.70 | 66.53 | OK | |
r-release-macos-arm64 | 0.1.1 | 28.00 | OK | |||
r-release-macos-x86_64 | 0.1.1 | 44.00 | OK | |||
r-release-windows-x86_64 | 0.1.1 | 45.00 | 66.00 | 111.00 | OK | |
r-oldrel-macos-arm64 | 0.1.1 | 28.00 | OK | |||
r-oldrel-windows-x86_64 | 0.1.1 | 43.00 | 68.00 | 111.00 | OK |
Version: 0.1.1
Check: compiled code
Result: NOTE
File ‘cord/libs/cord.so’:
Found no calls to: ‘R_registerRoutines’, ‘R_useDynamicSymbols’
It is good practice to register native routines and to disable symbol
search.
See ‘Writing portable packages’ in the ‘Writing R Extensions’ manual.
Flavors: r-devel-linux-x86_64-fedora-clang, r-devel-linux-x86_64-fedora-gcc