Last updated on 2024-04-19 08:54:36 CEST.
Flavor | Version | Tinstall | Tcheck | Ttotal | Status | Flags |
---|---|---|---|---|---|---|
r-devel-linux-x86_64-debian-clang | 0.4.1 | 8.21 | 604.57 | 612.78 | OK | |
r-devel-linux-x86_64-debian-gcc | 0.4.1 | OK | ||||
r-devel-linux-x86_64-fedora-clang | 0.4.1 | 805.71 | OK | |||
r-devel-linux-x86_64-fedora-gcc | 0.4.1 | 790.44 | OK | |||
r-prerel-macos-arm64 | 0.4.1 | 184.00 | OK | |||
r-prerel-windows-x86_64 | 0.4.1 | 11.00 | 413.00 | 424.00 | OK | |
r-patched-linux-x86_64 | 0.4.1 | 10.38 | 574.14 | 584.52 | OK | |
r-release-linux-x86_64 | 0.4.1 | 8.73 | 588.76 | 597.49 | OK | |
r-release-macos-arm64 | 0.4.1 | 80.00 | NOTE | |||
r-release-macos-x86_64 | 0.4.1 | 186.00 | NOTE | |||
r-release-windows-x86_64 | 0.4.1 | 13.00 | 543.00 | 556.00 | OK | |
r-oldrel-macos-arm64 | 0.4.1 | 189.00 | OK | |||
r-oldrel-windows-x86_64 | 0.4.1 | 13.00 | 533.00 | 546.00 | OK |
Version: 0.4.1
Check: package dependencies
Result: NOTE
Package suggested but not available for checking: ‘phyloseq’
Flavors: r-release-macos-arm64, r-release-macos-x86_64